{"id":1858,"date":"2022-03-04T17:30:41","date_gmt":"2022-03-05T01:30:41","guid":{"rendered":"https:\/\/dev.neilmed.com\/fra\/?page_id=1858"},"modified":"2022-08-17T20:50:27","modified_gmt":"2022-08-18T00:50:27","slug":"professionnels-de-la-sante-et-pharmaciens","status":"publish","type":"page","link":"https:\/\/www.neilmed.com\/fra\/professionnels-de-la-sante-et-pharmaciens\/","title":{"rendered":"Professionnels de la sant\u00e9 et pharmaciens"},"content":{"rendered":"\n\n\t<span><span><a href=\"https:\/\/www.neilmed.com\/fra\/\">Home<\/a><\/span><\/span>\n<h2>\n\t\tR\u00c9SERV\u00c9 \u00c0 L&rsquo;USAGE DES PROFESSIONNELS DE LA SANT\u00c9\n\t<\/h2>\n<h2>\n\t\tM\u00c9DECINS\n\t<\/h2>\n<h2>\n\t\tPHARMACIENS\n\t<\/h2>\n<h2>\n\t\tDEMANDE DE FORMATION SUR LES PRODUITS \u00c0 L&rsquo;INTENTION DES PROFESSIONNELS DE LA SANT\u00c9\n\t<\/h2>\n<h2>\n\t\tM\u00c9DECINS\n\t<\/h2>\n<h2>\n\t\tPHARMACIENS\n\t<\/h2>\n\t\t<h3>Respirez ais\u00e9ment gr\u00e2ce \u00e0 un nez bien d\u00e9gag\u00e9 et \u00ab retrouvez cette sensation de nez d\u00e9gag\u00e9 \u00bb<\/h3>\n\t\t\t<a href=\"https:\/\/www.neilmed.com\/fra\/order-now\/\" target=\"_self\" role=\"button\" rel=\"noopener\">\n\t\t\t\t\t\t\tCOMMANDER MAINTENANT\n\t\t\t<\/a>\n\t\t\t\t<img decoding=\"async\" src=\"https:\/\/www.neilmed.com\/fra\/wp-content\/uploads\/sites\/11\/2022\/04\/mail-icon-newsletter.svg\" alt=\"mail-icon-newsletter\" itemprop=\"image\" title=\"mail-icon-newsletter\" onerror=\"this.style.display='none'\"  \/>\n\tInscrivez-vous \u00e0 notre newsletter\n\t<p>Inscrivez-vous \u00e0 notre liste de distribution pour vous tenir au courant des derni\u00e8res nouvelles sur les offres sp\u00e9ciales, les promotions, la litt\u00e9rature m\u00e9dicale et les publications.<\/p>\n\t<form method=\"post\" action=\"\/fra\/newsletter-sign-up\/\" id=\"ContactFooter\">\n          <input type=\"email\" autocomplete=\"email\" placeholder=\"Your email\"\/>\n      <button type=\"submit\" name=\"commit\" id=\"Subscribe\">\n        S&rsquo;inscrire\n        Go\n      <\/button><\/form>\n\n","protected":false},"excerpt":{"rendered":"<p>R\u00c9SERV\u00c9 \u00c0 L&rsquo;USAGE DES PROFESSIONNELS DE LA SANT\u00c9 M\u00c9DECINS PHARMACIENS DEMANDE DE FORMATION SUR LES PRODUITS \u00c0 L&rsquo;INTENTION DES PROFESSIONNELS DE LA SANT\u00c9 M\u00c9DECINS PHARMACIENS Respirez ais\u00e9ment gr\u00e2ce \u00e0 un nez bien d\u00e9gag\u00e9 et \u00ab retrouvez cette sensation de nez d\u00e9gag\u00e9 \u00bb COMMANDER MAINTENANT Inscrivez-vous \u00e0 notre newsletter Inscrivez-vous \u00e0 notre liste de distribution pour&hellip;<\/p>\n","protected":false},"author":1,"featured_media":0,"parent":0,"menu_order":0,"comment_status":"closed","ping_status":"closed","template":"","meta":{"_acf_changed":false,"inline_featured_image":false,"footnotes":""},"categories":[],"tags":[],"class_list":["post-1858","page","type-page","status-publish","hentry"],"yoast_head":"<!-- This site is optimized with the Yoast SEO Premium plugin v27.2 (Yoast SEO v27.3) - https:\/\/yoast.com\/product\/yoast-seo-premium-wordpress\/ -->\n<title>Professionnels de la sant\u00e9 et pharmaciens - NeilMed Pharmaceuticals - French Canadian<\/title>\n<meta name=\"description\" content=\"Professionnels de la sant\u00e9 et pharmaciens\" \/>\n<meta name=\"robots\" content=\"index, follow, max-snippet:-1, max-image-preview:large, max-video-preview:-1\" \/>\n<link rel=\"canonical\" href=\"https:\/\/www.neilmed.com\/fra\/professionnels-de-la-sante-et-pharmaciens\/\" \/>\n<meta property=\"og:locale\" content=\"fr_CA\" \/>\n<meta property=\"og:type\" content=\"article\" \/>\n<meta property=\"og:title\" content=\"Professionnels de la sant\u00e9 et pharmaciens\" \/>\n<meta property=\"og:description\" content=\"Professionnels de la sant\u00e9 et pharmaciens\" \/>\n<meta property=\"og:url\" content=\"https:\/\/www.neilmed.com\/fra\/professionnels-de-la-sante-et-pharmaciens\/\" \/>\n<meta property=\"og:site_name\" content=\"NeilMed Pharmaceuticals - French Canadian\" \/>\n<meta property=\"article:modified_time\" content=\"2022-08-18T00:50:27+00:00\" \/>\n<meta property=\"og:image\" content=\"https:\/\/www.neilmed.com\/fra\/wp-content\/uploads\/sites\/11\/2022\/04\/mail-icon-newsletter.svg\" \/>\n<meta name=\"twitter:card\" content=\"summary_large_image\" \/>\n<script type=\"application\/ld+json\" class=\"yoast-schema-graph\">{\"@context\":\"https:\\\/\\\/schema.org\",\"@graph\":[{\"@type\":\"WebPage\",\"@id\":\"https:\\\/\\\/www.neilmed.com\\\/fra\\\/professionnels-de-la-sante-et-pharmaciens\\\/\",\"url\":\"https:\\\/\\\/www.neilmed.com\\\/fra\\\/professionnels-de-la-sante-et-pharmaciens\\\/\",\"name\":\"Professionnels de la sant\u00e9 et pharmaciens - NeilMed Pharmaceuticals - French Canadian\",\"isPartOf\":{\"@id\":\"https:\\\/\\\/www.neilmed.com\\\/fra\\\/#website\"},\"primaryImageOfPage\":{\"@id\":\"https:\\\/\\\/www.neilmed.com\\\/fra\\\/professionnels-de-la-sante-et-pharmaciens\\\/#primaryimage\"},\"image\":{\"@id\":\"https:\\\/\\\/www.neilmed.com\\\/fra\\\/professionnels-de-la-sante-et-pharmaciens\\\/#primaryimage\"},\"thumbnailUrl\":\"https:\\\/\\\/www.neilmed.com\\\/fra\\\/wp-content\\\/uploads\\\/sites\\\/11\\\/2022\\\/04\\\/mail-icon-newsletter.svg\",\"datePublished\":\"2022-03-05T01:30:41+00:00\",\"dateModified\":\"2022-08-18T00:50:27+00:00\",\"description\":\"Professionnels de la sant\u00e9 et pharmaciens\",\"breadcrumb\":{\"@id\":\"https:\\\/\\\/www.neilmed.com\\\/fra\\\/professionnels-de-la-sante-et-pharmaciens\\\/#breadcrumb\"},\"inLanguage\":\"fr-CA\",\"potentialAction\":[{\"@type\":\"ReadAction\",\"target\":[\"https:\\\/\\\/www.neilmed.com\\\/fra\\\/professionnels-de-la-sante-et-pharmaciens\\\/\"]}]},{\"@type\":\"ImageObject\",\"inLanguage\":\"fr-CA\",\"@id\":\"https:\\\/\\\/www.neilmed.com\\\/fra\\\/professionnels-de-la-sante-et-pharmaciens\\\/#primaryimage\",\"url\":\"https:\\\/\\\/www.neilmed.com\\\/fra\\\/wp-content\\\/uploads\\\/sites\\\/11\\\/2022\\\/04\\\/mail-icon-newsletter.svg\",\"contentUrl\":\"https:\\\/\\\/www.neilmed.com\\\/fra\\\/wp-content\\\/uploads\\\/sites\\\/11\\\/2022\\\/04\\\/mail-icon-newsletter.svg\"},{\"@type\":\"BreadcrumbList\",\"@id\":\"https:\\\/\\\/www.neilmed.com\\\/fra\\\/professionnels-de-la-sante-et-pharmaciens\\\/#breadcrumb\",\"itemListElement\":[{\"@type\":\"ListItem\",\"position\":1,\"name\":\"Home\",\"item\":\"https:\\\/\\\/www.neilmed.com\\\/fra\\\/\"},{\"@type\":\"ListItem\",\"position\":2,\"name\":\"Professionnels de la sant\u00e9 et pharmaciens\"}]},{\"@type\":\"WebSite\",\"@id\":\"https:\\\/\\\/www.neilmed.com\\\/fra\\\/#website\",\"url\":\"https:\\\/\\\/www.neilmed.com\\\/fra\\\/\",\"name\":\"NeilMed Pharmaceuticals - French Canadian\",\"description\":\"NeilMed Pharmaceuticals: world leader in nasal saline irrigation system | Sinus Rinse | Neti Pot | Nasal Irrigation\",\"potentialAction\":[{\"@type\":\"SearchAction\",\"target\":{\"@type\":\"EntryPoint\",\"urlTemplate\":\"https:\\\/\\\/www.neilmed.com\\\/fra\\\/?s={search_term_string}\"},\"query-input\":{\"@type\":\"PropertyValueSpecification\",\"valueRequired\":true,\"valueName\":\"search_term_string\"}}],\"inLanguage\":\"fr-CA\"}]}<\/script>\n<!-- \/ Yoast SEO Premium plugin. -->","yoast_head_json":{"title":"Professionnels de la sant\u00e9 et pharmaciens - NeilMed Pharmaceuticals - French Canadian","description":"Professionnels de la sant\u00e9 et pharmaciens","robots":{"index":"index","follow":"follow","max-snippet":"max-snippet:-1","max-image-preview":"max-image-preview:large","max-video-preview":"max-video-preview:-1"},"canonical":"https:\/\/www.neilmed.com\/fra\/professionnels-de-la-sante-et-pharmaciens\/","og_locale":"fr_CA","og_type":"article","og_title":"Professionnels de la sant\u00e9 et pharmaciens","og_description":"Professionnels de la sant\u00e9 et pharmaciens","og_url":"https:\/\/www.neilmed.com\/fra\/professionnels-de-la-sante-et-pharmaciens\/","og_site_name":"NeilMed Pharmaceuticals - French Canadian","article_modified_time":"2022-08-18T00:50:27+00:00","og_image":[{"url":"https:\/\/www.neilmed.com\/fra\/wp-content\/uploads\/sites\/11\/2022\/04\/mail-icon-newsletter.svg","type":"","width":"","height":""}],"twitter_card":"summary_large_image","schema":{"@context":"https:\/\/schema.org","@graph":[{"@type":"WebPage","@id":"https:\/\/www.neilmed.com\/fra\/professionnels-de-la-sante-et-pharmaciens\/","url":"https:\/\/www.neilmed.com\/fra\/professionnels-de-la-sante-et-pharmaciens\/","name":"Professionnels de la sant\u00e9 et pharmaciens - NeilMed Pharmaceuticals - French Canadian","isPartOf":{"@id":"https:\/\/www.neilmed.com\/fra\/#website"},"primaryImageOfPage":{"@id":"https:\/\/www.neilmed.com\/fra\/professionnels-de-la-sante-et-pharmaciens\/#primaryimage"},"image":{"@id":"https:\/\/www.neilmed.com\/fra\/professionnels-de-la-sante-et-pharmaciens\/#primaryimage"},"thumbnailUrl":"https:\/\/www.neilmed.com\/fra\/wp-content\/uploads\/sites\/11\/2022\/04\/mail-icon-newsletter.svg","datePublished":"2022-03-05T01:30:41+00:00","dateModified":"2022-08-18T00:50:27+00:00","description":"Professionnels de la sant\u00e9 et pharmaciens","breadcrumb":{"@id":"https:\/\/www.neilmed.com\/fra\/professionnels-de-la-sante-et-pharmaciens\/#breadcrumb"},"inLanguage":"fr-CA","potentialAction":[{"@type":"ReadAction","target":["https:\/\/www.neilmed.com\/fra\/professionnels-de-la-sante-et-pharmaciens\/"]}]},{"@type":"ImageObject","inLanguage":"fr-CA","@id":"https:\/\/www.neilmed.com\/fra\/professionnels-de-la-sante-et-pharmaciens\/#primaryimage","url":"https:\/\/www.neilmed.com\/fra\/wp-content\/uploads\/sites\/11\/2022\/04\/mail-icon-newsletter.svg","contentUrl":"https:\/\/www.neilmed.com\/fra\/wp-content\/uploads\/sites\/11\/2022\/04\/mail-icon-newsletter.svg"},{"@type":"BreadcrumbList","@id":"https:\/\/www.neilmed.com\/fra\/professionnels-de-la-sante-et-pharmaciens\/#breadcrumb","itemListElement":[{"@type":"ListItem","position":1,"name":"Home","item":"https:\/\/www.neilmed.com\/fra\/"},{"@type":"ListItem","position":2,"name":"Professionnels de la sant\u00e9 et pharmaciens"}]},{"@type":"WebSite","@id":"https:\/\/www.neilmed.com\/fra\/#website","url":"https:\/\/www.neilmed.com\/fra\/","name":"NeilMed Pharmaceuticals - French Canadian","description":"NeilMed Pharmaceuticals: world leader in nasal saline irrigation system | Sinus Rinse | Neti Pot | Nasal Irrigation","potentialAction":[{"@type":"SearchAction","target":{"@type":"EntryPoint","urlTemplate":"https:\/\/www.neilmed.com\/fra\/?s={search_term_string}"},"query-input":{"@type":"PropertyValueSpecification","valueRequired":true,"valueName":"search_term_string"}}],"inLanguage":"fr-CA"}]}},"acf":[],"_links":{"self":[{"href":"https:\/\/www.neilmed.com\/fra\/wp-json\/wp\/v2\/pages\/1858","targetHints":{"allow":["GET"]}}],"collection":[{"href":"https:\/\/www.neilmed.com\/fra\/wp-json\/wp\/v2\/pages"}],"about":[{"href":"https:\/\/www.neilmed.com\/fra\/wp-json\/wp\/v2\/types\/page"}],"author":[{"embeddable":true,"href":"https:\/\/www.neilmed.com\/fra\/wp-json\/wp\/v2\/users\/1"}],"replies":[{"embeddable":true,"href":"https:\/\/www.neilmed.com\/fra\/wp-json\/wp\/v2\/comments?post=1858"}],"version-history":[{"count":2,"href":"https:\/\/www.neilmed.com\/fra\/wp-json\/wp\/v2\/pages\/1858\/revisions"}],"predecessor-version":[{"id":4262,"href":"https:\/\/www.neilmed.com\/fra\/wp-json\/wp\/v2\/pages\/1858\/revisions\/4262"}],"wp:attachment":[{"href":"https:\/\/www.neilmed.com\/fra\/wp-json\/wp\/v2\/media?parent=1858"}],"wp:term":[{"taxonomy":"category","embeddable":true,"href":"https:\/\/www.neilmed.com\/fra\/wp-json\/wp\/v2\/categories?post=1858"},{"taxonomy":"post_tag","embeddable":true,"href":"https:\/\/www.neilmed.com\/fra\/wp-json\/wp\/v2\/tags?post=1858"}],"curies":[{"name":"wp","href":"https:\/\/api.w.org\/{rel}","templated":true}]}}