{"id":247,"date":"2022-02-17T16:42:04","date_gmt":"2022-02-18T00:42:04","guid":{"rendered":"https:\/\/dev.neilmed.com\/fra\/?page_id=247"},"modified":"2022-02-17T16:42:04","modified_gmt":"2022-02-18T00:42:04","slug":"a-propos-de-neilmed","status":"publish","type":"page","link":"https:\/\/www.neilmed.com\/fra\/a-propos-de-neilmed\/","title":{"rendered":"\u00c0 propos de NeilMed"},"content":{"rendered":"\r\n<h1>\r\n\t\t\u00c0 Propos De Nous\r\n\t<\/h1>\r\n\t<span><span><a href=\"https:\/\/www.neilmed.com\/fra\/\">Home<\/a><\/span><\/span>\r\n\t\t\t\t<img decoding=\"async\" src=\"https:\/\/www.neilmed.com\/fra\/wp-content\/uploads\/sites\/11\/2022\/03\/neilmed-tagline.svg\" alt=\"NeilMed&reg; - World Leader in Large Volume &amp; Low Pressure&trade; Saline Nasal Irrigation\" title=\"neilmed-tagline\" \/>\r\n<h2>\r\n\t\tCOMPANY PROFILE\r\n\t<\/h2>\r\n\t<p>Ketan C. Mehta, M.D. et Nina Mehta, ont fond\u00e9 NeilMed&reg; Pharmaceuticals, Inc. en janvier 2000 depuis le cabinet m\u00e9dical du Dr Mehta. NeilMed&reg; est le plus important fabricant et fournisseur au monde de syst\u00e8mes d&rsquo;irrigation nasale GVFP (grand volume, faible pression). Les produits de marque NeilMed aident \u00e0 soulager les sympt\u00f4mes nasaux et sinusaux courants de mani\u00e8re simple, s\u00e9curitaire, efficace et abordable. L&rsquo;entreprise fournit des millions de produits aux utilisateurs finaux par l&rsquo;interm\u00e9diaire de diverses voies commerciales. Le si\u00e8ge social et l&rsquo;usine de production de NeilMed sont situ\u00e9s \u00e0 Santa Rosa en Californie, aux \u00c9tats-Unis. NeilMed poss\u00e8de \u00e9galement des bureaux et des entrep\u00f4ts au Canada, en Australie, en Nouvelle-Z\u00e9lande, au Royaume-Uni, en Malaisie, \u00e0 Singapour et en Inde. Elle est actuellement en voie d&rsquo;\u00e9tendre ses activit\u00e9s en Asie du Sud-Est et en Am\u00e9rique du Sud. NeilMed approvisionne des dizaines de distributeurs dans plusieurs pays. Son mod\u00e8le d&rsquo;affaires unique consiste en une int\u00e9gration verticale tr\u00e8s stricte visant la pr\u00e9cision et la rapidit\u00e9 d&rsquo;ex\u00e9cution \u00e0 tous les niveaux. NeilMed est fi\u00e8re de faire partie de la petite ville de Santa Rosa, situ\u00e9e au c\u0153ur de la r\u00e9gion vinicole du comt\u00e9 de Sonoma dans le nord de la Californie. Ses produits phares sont SINUS RINSEMC et le pot pour neti NasaFlo&reg; de NeilMed, qui sont vendus dans la plupart des magasins aux \u00c9tats-Unis, au Canada et dans plusieurs autres pays. NeilMed offre plus de 40 produits de soins nasaux et sinusaux, et tous sont en vente libre. Gr\u00e2ce \u00e0 une petite \u00e9quipe de direction extr\u00eamement d\u00e9vou\u00e9e, loyale et travaillante, NeilMed continue de formuler et de commercialiser des id\u00e9es novatrices. Ses plans de diversification comprennent l&rsquo;introduction d&rsquo;instruments chirurgicaux pour les h\u00f4pitaux et les salles d&rsquo;urgence. NeilMed soutient la recherche m\u00e9dicale dans plusieurs pays et croit qu&rsquo;il est important d&rsquo;offrir un excellent service \u00e0 la client\u00e8le 24 heures sur 24, d&rsquo;aider les collectivit\u00e9s locales, de faire des dons \u00e0 la suite de catastrophes naturelles et d&rsquo;\u00e9duquer les professionnels de la sant\u00e9 et les consommateurs. L&rsquo;entreprise a pour mission la s\u00e9curit\u00e9, l&rsquo;accessibilit\u00e9 et l&rsquo;efficacit\u00e9, afin de soutenir la croissance \u00e0 long terme et de cr\u00e9er des soins nasaux et sinusaux non m\u00e9dicamenteux et efficaces pour des millions de consommateurs de partout dans le monde.<\/p>\r\n\t<h3>Coordonn\u00e9es du si\u00e8ge social de l&rsquo;entreprise:<\/h3>\r\n601 Aviation Blvd.,<br \/>\r\nSanta Rosa, Californie 95403<br \/>\r\n\u00c9tats-Unis<br \/>\r\nNum\u00e9ro sans frais (\u00c9tats-Unis et Canada seulement) :<strong> <a href=\"tel:877-477-8633\">+1 877 477 8633<\/a><\/strong><br \/>\r\nT\u00e9l: <strong><a href=\"tel:707-525-3784\">+1 707 525 3784<\/a><\/strong><br \/>\r\nT\u00e9l\u00e9c: +1 707 525 3785<br \/>\r\nCourriel:\u00a0<strong><a href=\"mailto:questions@neilmed.com\">questions@neilmed.com<\/a><\/strong>\r\nPr\u00e9sidente:\u00a0<strong>Nina Mehta<\/strong><br \/>\r\nFondateur et PDG:\u00a0<strong>Dr. Ketan C. Mehta , MD<\/strong>\r\n\t<h3>Bureaux principaux et soci\u00e9t\u00e9s<\/h3>\r\n<p>\u00c9tats-Unis, Canada, Australie, Nouvelle-Z\u00e9lande, Royaume-Uni, Irlande, Singapour, Japon, Chili, Costa Rica et Inde<\/p>\r\n\t<h3>Grossistes disponibles<\/h3>\r\n<p>McKesson, Cardinal, AmerisourceBergen, Unichem, AAH, United Drug, Cahill May Roberts, API, Sigma, Keysun<\/p>\r\n\t<h3>Global Distribution<\/h3>\r\n\t<h4>Europe<\/h4>\r\nRoyaume-Uni<br \/>\r\nIrlande<br \/>\r\nPologne<br \/>\r\nHongrie<br \/>\r\nGr\u00e8ce<br \/>\r\nAllemagne<br \/>\r\nNorv\u00e8ge<br \/>\r\nDanemark<br \/>\r\nRoumanie\r\n\t<h4>Asie Pacifique<\/h4>\r\nAustralie<br \/>\r\nNouvelle-Z\u00e9lande<br \/>\r\nSingapour<br \/>\r\nMalaisie<br \/>\r\nMongolie<br \/>\r\nJapon<br \/>\r\nPhilippines<br \/>\r\nVietnam<br \/>\r\nLiban<br \/>\r\nHong Kong\r\n\t<h4>Autre International<\/h4>\r\nChili<br \/>\r\nColombie<br \/>\r\nPanama<br \/>\r\nCosta Rica<br \/>\r\nHonduras<br \/>\r\nTrinit\u00e9-et-Tobago\r\n\t\t<h3>Respirez ais\u00e9ment gr\u00e2ce \u00e0 un nez bien d\u00e9gag\u00e9 et \u00ab retrouvez cette sensation de nez d\u00e9gag\u00e9 \u00bb<\/h3>\r\n\t\t\t<a href=\"https:\/\/shop.neilmed.com\/\" target=\"_self\" role=\"button\" rel=\"noopener\">\r\n\t\t\t\t\t\t\tCOMMANDER MAINTENANT\r\n\t\t\t<\/a>\r\n\t\t\t\t<img decoding=\"async\" src=\"https:\/\/www.neilmed.com\/fra\/wp-content\/uploads\/sites\/11\/2022\/04\/mail-icon-newsletter.svg\" alt=\"mail-icon-newsletter\" title=\"mail-icon-newsletter\" \/>\r\n\tInscrivez-vous \u00e0 notre newsletter\r\n\t<p>Inscrivez-vous \u00e0 notre liste de distribution pour vous tenir au courant des derni\u00e8res nouvelles sur les offres sp\u00e9ciales, les promotions, la litt\u00e9rature m\u00e9dicale et les publications.<\/p>\r\n\t\r\n          \r\n      <button type=\"submit\" name=\"commit\" id=\"Subscribe\">\r\n        S&rsquo;inscrire\r\n        Go\r\n      <\/button>\r\n\r\n","protected":false},"excerpt":{"rendered":"<p>\u00c0 Propos De Nous COMPANY PROFILE Ketan C. Mehta, M.D. et Nina Mehta, ont fond\u00e9 NeilMed&reg; Pharmaceuticals, Inc. en janvier 2000 depuis le cabinet m\u00e9dical du Dr Mehta. NeilMed&reg; est le plus important fabricant et fournisseur au monde de syst\u00e8mes d&rsquo;irrigation nasale GVFP (grand volume, faible pression). Les produits de marque NeilMed aident \u00e0 soulager&hellip;<\/p>\n","protected":false},"author":1,"featured_media":2422,"parent":0,"menu_order":1,"comment_status":"closed","ping_status":"closed","template":"","meta":{"_acf_changed":false,"inline_featured_image":false,"footnotes":""},"categories":[5],"tags":[],"class_list":["post-247","page","type-page","status-publish","has-post-thumbnail","hentry","category-a-propos-de-neilmed"],"yoast_head":"<!-- This site is optimized with the Yoast SEO Premium plugin v27.2 (Yoast SEO v27.3) - https:\/\/yoast.com\/product\/yoast-seo-premium-wordpress\/ -->\n<title>\u00c0 propos de NeilMed - NeilMed Pharmaceuticals - French Canadian<\/title>\n<meta name=\"description\" content=\"Learn more about NeilMed&reg;. The world&#039;s largest manufacturer and supplier of Large Volume Low Pressure saline nasal irrigation systems.\" \/>\n<meta name=\"robots\" content=\"index, follow, max-snippet:-1, max-image-preview:large, max-video-preview:-1\" \/>\n<link rel=\"canonical\" href=\"https:\/\/www.neilmed.com\/fra\/a-propos-de-neilmed\/\" \/>\n<meta property=\"og:locale\" content=\"fr_CA\" \/>\n<meta property=\"og:type\" content=\"article\" \/>\n<meta property=\"og:title\" content=\"\u00c0 propos de NeilMed\" \/>\n<meta property=\"og:description\" content=\"Learn more about NeilMed&reg;. The world&#039;s largest manufacturer and supplier of Large Volume Low Pressure saline nasal irrigation systems.\" \/>\n<meta property=\"og:url\" content=\"https:\/\/www.neilmed.com\/fra\/a-propos-de-neilmed\/\" \/>\n<meta property=\"og:site_name\" content=\"NeilMed Pharmaceuticals - French Canadian\" \/>\n<meta property=\"og:image\" content=\"https:\/\/www.neilmed.com\/fra\/wp-content\/uploads\/sites\/11\/2022\/03\/nm-logo.jpg\" \/>\n\t<meta property=\"og:image:width\" content=\"241\" \/>\n\t<meta property=\"og:image:height\" content=\"200\" \/>\n\t<meta property=\"og:image:type\" content=\"image\/jpeg\" \/>\n<meta name=\"twitter:card\" content=\"summary_large_image\" \/>\n<meta name=\"twitter:label1\" content=\"Estimation du temps de lecture\" \/>\n\t<meta name=\"twitter:data1\" content=\"3 minutes\" \/>\n<script type=\"application\/ld+json\" class=\"yoast-schema-graph\">{\"@context\":\"https:\\\/\\\/schema.org\",\"@graph\":[{\"@type\":\"WebPage\",\"@id\":\"https:\\\/\\\/www.neilmed.com\\\/fra\\\/a-propos-de-neilmed\\\/\",\"url\":\"https:\\\/\\\/www.neilmed.com\\\/fra\\\/a-propos-de-neilmed\\\/\",\"name\":\"\u00c0 propos de NeilMed - NeilMed Pharmaceuticals - French Canadian\",\"isPartOf\":{\"@id\":\"https:\\\/\\\/www.neilmed.com\\\/fra\\\/#website\"},\"primaryImageOfPage\":{\"@id\":\"https:\\\/\\\/www.neilmed.com\\\/fra\\\/a-propos-de-neilmed\\\/#primaryimage\"},\"image\":{\"@id\":\"https:\\\/\\\/www.neilmed.com\\\/fra\\\/a-propos-de-neilmed\\\/#primaryimage\"},\"thumbnailUrl\":\"https:\\\/\\\/www.neilmed.com\\\/fra\\\/wp-content\\\/uploads\\\/sites\\\/11\\\/2022\\\/03\\\/nm-logo.jpg\",\"datePublished\":\"2022-02-18T00:42:04+00:00\",\"description\":\"Learn more about NeilMed&reg;. The world's largest manufacturer and supplier of Large Volume Low Pressure saline nasal irrigation systems.\",\"breadcrumb\":{\"@id\":\"https:\\\/\\\/www.neilmed.com\\\/fra\\\/a-propos-de-neilmed\\\/#breadcrumb\"},\"inLanguage\":\"fr-CA\",\"potentialAction\":[{\"@type\":\"ReadAction\",\"target\":[\"https:\\\/\\\/www.neilmed.com\\\/fra\\\/a-propos-de-neilmed\\\/\"]}]},{\"@type\":\"ImageObject\",\"inLanguage\":\"fr-CA\",\"@id\":\"https:\\\/\\\/www.neilmed.com\\\/fra\\\/a-propos-de-neilmed\\\/#primaryimage\",\"url\":\"https:\\\/\\\/www.neilmed.com\\\/fra\\\/wp-content\\\/uploads\\\/sites\\\/11\\\/2022\\\/03\\\/nm-logo.jpg\",\"contentUrl\":\"https:\\\/\\\/www.neilmed.com\\\/fra\\\/wp-content\\\/uploads\\\/sites\\\/11\\\/2022\\\/03\\\/nm-logo.jpg\",\"width\":241,\"height\":200},{\"@type\":\"BreadcrumbList\",\"@id\":\"https:\\\/\\\/www.neilmed.com\\\/fra\\\/a-propos-de-neilmed\\\/#breadcrumb\",\"itemListElement\":[{\"@type\":\"ListItem\",\"position\":1,\"name\":\"Home\",\"item\":\"https:\\\/\\\/www.neilmed.com\\\/fra\\\/\"},{\"@type\":\"ListItem\",\"position\":2,\"name\":\"\u00c0 propos de NeilMed\"}]},{\"@type\":\"WebSite\",\"@id\":\"https:\\\/\\\/www.neilmed.com\\\/fra\\\/#website\",\"url\":\"https:\\\/\\\/www.neilmed.com\\\/fra\\\/\",\"name\":\"NeilMed Pharmaceuticals - French Canadian\",\"description\":\"NeilMed Pharmaceuticals: world leader in nasal saline irrigation system | Sinus Rinse | Neti Pot | Nasal Irrigation\",\"potentialAction\":[{\"@type\":\"SearchAction\",\"target\":{\"@type\":\"EntryPoint\",\"urlTemplate\":\"https:\\\/\\\/www.neilmed.com\\\/fra\\\/?s={search_term_string}\"},\"query-input\":{\"@type\":\"PropertyValueSpecification\",\"valueRequired\":true,\"valueName\":\"search_term_string\"}}],\"inLanguage\":\"fr-CA\"}]}<\/script>\n<!-- \/ Yoast SEO Premium plugin. -->","yoast_head_json":{"title":"\u00c0 propos de NeilMed - NeilMed Pharmaceuticals - French Canadian","description":"Learn more about NeilMed&reg;. The world's largest manufacturer and supplier of Large Volume Low Pressure saline nasal irrigation systems.","robots":{"index":"index","follow":"follow","max-snippet":"max-snippet:-1","max-image-preview":"max-image-preview:large","max-video-preview":"max-video-preview:-1"},"canonical":"https:\/\/www.neilmed.com\/fra\/a-propos-de-neilmed\/","og_locale":"fr_CA","og_type":"article","og_title":"\u00c0 propos de NeilMed","og_description":"Learn more about NeilMed&reg;. The world's largest manufacturer and supplier of Large Volume Low Pressure saline nasal irrigation systems.","og_url":"https:\/\/www.neilmed.com\/fra\/a-propos-de-neilmed\/","og_site_name":"NeilMed Pharmaceuticals - French Canadian","og_image":[{"width":241,"height":200,"url":"https:\/\/www.neilmed.com\/fra\/wp-content\/uploads\/sites\/11\/2022\/03\/nm-logo.jpg","type":"image\/jpeg"}],"twitter_card":"summary_large_image","twitter_misc":{"Estimation du temps de lecture":"3 minutes"},"schema":{"@context":"https:\/\/schema.org","@graph":[{"@type":"WebPage","@id":"https:\/\/www.neilmed.com\/fra\/a-propos-de-neilmed\/","url":"https:\/\/www.neilmed.com\/fra\/a-propos-de-neilmed\/","name":"\u00c0 propos de NeilMed - NeilMed Pharmaceuticals - French Canadian","isPartOf":{"@id":"https:\/\/www.neilmed.com\/fra\/#website"},"primaryImageOfPage":{"@id":"https:\/\/www.neilmed.com\/fra\/a-propos-de-neilmed\/#primaryimage"},"image":{"@id":"https:\/\/www.neilmed.com\/fra\/a-propos-de-neilmed\/#primaryimage"},"thumbnailUrl":"https:\/\/www.neilmed.com\/fra\/wp-content\/uploads\/sites\/11\/2022\/03\/nm-logo.jpg","datePublished":"2022-02-18T00:42:04+00:00","description":"Learn more about NeilMed&reg;. The world's largest manufacturer and supplier of Large Volume Low Pressure saline nasal irrigation systems.","breadcrumb":{"@id":"https:\/\/www.neilmed.com\/fra\/a-propos-de-neilmed\/#breadcrumb"},"inLanguage":"fr-CA","potentialAction":[{"@type":"ReadAction","target":["https:\/\/www.neilmed.com\/fra\/a-propos-de-neilmed\/"]}]},{"@type":"ImageObject","inLanguage":"fr-CA","@id":"https:\/\/www.neilmed.com\/fra\/a-propos-de-neilmed\/#primaryimage","url":"https:\/\/www.neilmed.com\/fra\/wp-content\/uploads\/sites\/11\/2022\/03\/nm-logo.jpg","contentUrl":"https:\/\/www.neilmed.com\/fra\/wp-content\/uploads\/sites\/11\/2022\/03\/nm-logo.jpg","width":241,"height":200},{"@type":"BreadcrumbList","@id":"https:\/\/www.neilmed.com\/fra\/a-propos-de-neilmed\/#breadcrumb","itemListElement":[{"@type":"ListItem","position":1,"name":"Home","item":"https:\/\/www.neilmed.com\/fra\/"},{"@type":"ListItem","position":2,"name":"\u00c0 propos de NeilMed"}]},{"@type":"WebSite","@id":"https:\/\/www.neilmed.com\/fra\/#website","url":"https:\/\/www.neilmed.com\/fra\/","name":"NeilMed Pharmaceuticals - French Canadian","description":"NeilMed Pharmaceuticals: world leader in nasal saline irrigation system | Sinus Rinse | Neti Pot | Nasal Irrigation","potentialAction":[{"@type":"SearchAction","target":{"@type":"EntryPoint","urlTemplate":"https:\/\/www.neilmed.com\/fra\/?s={search_term_string}"},"query-input":{"@type":"PropertyValueSpecification","valueRequired":true,"valueName":"search_term_string"}}],"inLanguage":"fr-CA"}]}},"acf":[],"_links":{"self":[{"href":"https:\/\/www.neilmed.com\/fra\/wp-json\/wp\/v2\/pages\/247","targetHints":{"allow":["GET"]}}],"collection":[{"href":"https:\/\/www.neilmed.com\/fra\/wp-json\/wp\/v2\/pages"}],"about":[{"href":"https:\/\/www.neilmed.com\/fra\/wp-json\/wp\/v2\/types\/page"}],"author":[{"embeddable":true,"href":"https:\/\/www.neilmed.com\/fra\/wp-json\/wp\/v2\/users\/1"}],"replies":[{"embeddable":true,"href":"https:\/\/www.neilmed.com\/fra\/wp-json\/wp\/v2\/comments?post=247"}],"version-history":[{"count":0,"href":"https:\/\/www.neilmed.com\/fra\/wp-json\/wp\/v2\/pages\/247\/revisions"}],"wp:featuredmedia":[{"embeddable":true,"href":"https:\/\/www.neilmed.com\/fra\/wp-json\/wp\/v2\/media\/2422"}],"wp:attachment":[{"href":"https:\/\/www.neilmed.com\/fra\/wp-json\/wp\/v2\/media?parent=247"}],"wp:term":[{"taxonomy":"category","embeddable":true,"href":"https:\/\/www.neilmed.com\/fra\/wp-json\/wp\/v2\/categories?post=247"},{"taxonomy":"post_tag","embeddable":true,"href":"https:\/\/www.neilmed.com\/fra\/wp-json\/wp\/v2\/tags?post=247"}],"curies":[{"name":"wp","href":"https:\/\/api.w.org\/{rel}","templated":true}]}}