{"id":2847,"date":"2022-03-18T10:06:19","date_gmt":"2022-03-18T17:06:19","guid":{"rendered":"https:\/\/dev.neilmed.com\/fra\/?page_id=2847"},"modified":"2022-11-09T20:55:18","modified_gmt":"2022-11-10T01:55:18","slug":"installations-mondiales","status":"publish","type":"page","link":"https:\/\/www.neilmed.com\/fra\/installations-mondiales\/","title":{"rendered":"Installations mondiales"},"content":{"rendered":"\n\n\t<span><span><a href=\"https:\/\/www.neilmed.com\/fra\/\">Home<\/a><\/span><\/span>\n<h2>\n\t\tHAVE QUESTIONS OR COMMENTS?\n\t<\/h2>\n\t<p>Call Toll Free in USA &amp; Canada only :\u00a0<a href=\"tel:877-477-8633\">+1 877 477 8633<\/a>,\u00a0TEL :\u00a0<a href=\"tel:707-525-3784\">+1 707 525 3784<\/a>\u00a0or\u00a0Email to\u00a0<a href=\"mailto:questions@neilmed.com\">questions@neilmed.com<\/a><\/p>\n<h2>\n\t\tGLOBAL OFFICE LOCATIONS\n\t<\/h2>\n<h3>\n\t\tUSA\n\t<\/h3>\n\t<p><strong>NeilMed\u00a0Pharmaceuticals, Inc.<\/strong><br \/>601 Aviation Blvd<br \/>Santa Rosa, CA\u00a0 95403<br \/>TOLL FREE:\u00a0 +1 877-477-8633<br \/>TEL:\u00a0 +1 707-525-3784<br \/>FAX:\u00a0 +1 707-525-3785<\/p>\n<h3>\n\t\tCANADA\n\t<\/h3>\n\t<p><strong>NeilMed\u00a0Pharmaceuticals, Inc.<\/strong><br \/>1300 Rodick Rd, Unit A<br \/>Markham, ON L3R8C3<br \/>TOLL FREE:\u00a0 +1 877-477-8633<br \/>TEL:\u00a0 +1 905-480-0202<br \/>FAX:\u00a0 +1 905-480-0201<\/p>\n<h3>\n\t\tUNITED KINGDOM\n\t<\/h3>\n\t<p><strong>NeilMed\u00a0Pharmaceuticals Ltd.<\/strong><br \/>P.O. Box 2853<br \/>Coulsdon, Surrey CR5 2WN<br \/>United Kingdom<br \/>TEL:\u00a0 +44 208 660 9447<br \/>FAX:\u00a0 +44 207 900 6414<\/p>\n<h3>\n\t\tIRELAND &#038; EUROPE\n\t<\/h3>\n\t<p><strong>NeilMed\u00a0Pharmaceuticals Ltd.<\/strong><br \/>P.O. Box 2853<br \/>Coulsdon, Surrey CR5 2WN<br \/>United Kingdom<br \/>TEL:\u00a0 +353 16569710<\/p>\n<h3>\n\t\tAUSTRALIA\n\t<\/h3>\n\t<p><strong>NeilMed\u00a0Pharmaceutical Australia Pty. Limited<\/strong><br \/>12-354 Chisholm Rd<br \/>Auburn, NSW 2144<br \/>TEL:\u00a0 +61 1300 652 148<br \/>FAX:\u00a0 +61 (03) 8677 9989<br \/>TOLL FREE:\u00a0 +61 1800 158 900<\/p>\n<h3>\n\t\tNEW ZEALAND\n\t<\/h3>\n\t<p><strong>NeilMed\u00a0Pharmaceuticals New Zealand Pty. Limited<\/strong><br \/>67 Church Street<br \/>Onehunga, Auckland 1061<br \/>New Zealand<br \/>TEL:\u00a0 +64 9 820 7279<br \/>FAX:\u00a0 +64 9 353 1430<br \/>TOLL FREE:\u00a0 0800 634 5633<\/p>\n<h3>\n\t\tSINGAPORE\n\t<\/h3>\n\t<p><strong>NeilMed\u00a0Pharmaceuticals Pte. Ltd.<\/strong><br \/>66 Tannery Lane<br \/>#01-02D Sindo Indl Building<br \/>Singapore 347805<br \/>Tel: +65 6221 8948<br \/>Fax: +65 6491 5930<\/p>\n<h3>\n\t\tINDIA\n\t<\/h3>\n\t<strong>NeilMed\u00a0Devices Pvt. Ltd.<\/strong><br \/>\nTrifecta Adatto<br \/>\n12th floor B wing #66\/2,67\/1,<br \/>\nITPL Main Road,<br \/>\nGarudacharpalya, Mahadevapura Post<br \/>\nBangalore-560048<br \/>\nTEL:\u00a0 +91-80-41613512 &#8211; 13\n<h3>\n\t\tJAPAN\n\t<\/h3>\n\t<p><strong>NeilMed\u00a0Pharmaceuticals K.K.<\/strong><br \/>2-3-3 Nishikanda, Chiyoda<br \/>Tokyo, 101-0065<br \/>TEL:\u00a0 +81 03-6261-4446<br \/>FAX:\u00a0 +81 03-6701-7407<\/p>\n<p>&nbsp;<\/p>\n<h3>\n\t\tHONG KONG\n\t<\/h3>\n\t<p><strong>NeilMed Pharmaceutical Pvt Limited<\/strong><br \/>Unit 06 &amp; 07, 15\/F, Billion Trade Centre,<br \/>31 Hung To Road, Kwun Tong,<br \/>Kowloon, Hong Kong.<br \/>TEL: +852 2880 0500 \/ +852 2880 0522<br \/>FAX: +852 3010 7540<\/p>\n<h3>\n\t\tGERMANY\n\t<\/h3>\n\t<p><strong>NeilMed Pharma GmbH<\/strong><br \/>Werdauer Str. 162<br \/>08060 Zwickau, Germany<br \/>Tel: +49 375 2118 6236<br \/>Fax: +49 375 2118 6238<\/p>\n<h2>\n\t\tSWEDEN\n\t<\/h2>\n\t<p>ENTpro AB,<br \/>Box 2148, 103 14<br \/>Stockholm, Sweden<br \/>www.entpro.com<\/p>\n<h3>\n\t\tMEXICO\n\t<\/h3>\n\t<p><strong>Neilmed Pharmaceuticals M\u00e9xico Inc.<\/strong><br \/>S. de R.L. De C.V.<br \/>Sach Office Hosting<br \/>Av. Vasco de Quiroga, No. Ext 3900,<br \/>No int TORRE A Piso 10, Cuajimalpa de Morelos<br \/>CP 05348 CDMX<\/p>\n<h3>\n\t\tCHILE\n\t<\/h3>\n\t<p><strong>NeilMed LatAm Chile SpA,<\/strong><br \/>Alonso De Cordova 3827, Piso 8,<br \/>Vitacura, Santiago, Chile<br \/>Tel: +569 9973-3177<\/p>\n<p>&nbsp;<\/p>\n<p>&nbsp;<\/p>\n<h3>\n\t\tCOSTA RICA\n\t<\/h3>\n\t<p><strong>NeilMed LatAm Costa Rica<\/strong><br \/>Office #401,4th Floor Torres Paseo Col\u00f3n<br \/>San Jos\u00e9, Paseo Col\u00f3n<br \/>Tel: (+506) 4106-3445<\/p>\n<p>&nbsp;<\/p>\n<h3>\n\t\tCOLOMBIA\n\t<\/h3>\n\t<p><strong>NeilMed Latam Colombia S.A.S.<\/strong><br \/>Calle 79 N\u00b0 14 &#8211; 56 Oficina 401,<br \/>Tel: +57 60 1 6944026<br \/>www.neilmed.com.co<\/p>\n<p>&nbsp;<\/p>\n<p>&nbsp;<\/p>\n<h2>\n\t\tGLOBAL DISTRIBUTION LOCATIONS\n\t<\/h2>\n<h2>\n\t\tEurope\n\t<\/h2>\n\t\t\t\t<img loading=\"lazy\" decoding=\"async\" src=\"https:\/\/www.neilmed.com\/fra\/wp-content\/uploads\/sites\/11\/2022\/02\/gb.jpg\" alt=\"United Kingdom Flag\" itemprop=\"image\" height=\"320\" width=\"640\" title=\"United Kingdom Flag\" onerror=\"this.style.display='none'\"  \/>\n\t\t<h3>United Kingdom<\/h3>\t\t\n\t\t\t\t<img loading=\"lazy\" decoding=\"async\" src=\"https:\/\/www.neilmed.com\/fra\/wp-content\/uploads\/sites\/11\/2022\/02\/ie.jpg\" alt=\"Ireland Flag\" itemprop=\"image\" height=\"320\" width=\"640\" title=\"Ireland Flag\" onerror=\"this.style.display='none'\"  \/>\n\t\t<h3>Ireland<\/h3>\t\t\n\t\t\t\t<img loading=\"lazy\" decoding=\"async\" src=\"https:\/\/www.neilmed.com\/fra\/wp-content\/uploads\/sites\/11\/2022\/02\/pl.jpg\" alt=\"Poland Flag\" itemprop=\"image\" height=\"400\" width=\"640\" title=\"Poland Flag\" onerror=\"this.style.display='none'\"  \/>\n\t\t<h3>Poland<\/h3>\t\t\n\t\t\t\t<img loading=\"lazy\" decoding=\"async\" src=\"https:\/\/www.neilmed.com\/fra\/wp-content\/uploads\/sites\/11\/2022\/02\/hu.jpg\" alt=\"Hungary Flag\" itemprop=\"image\" height=\"320\" width=\"640\" title=\"Hungary Flag\" onerror=\"this.style.display='none'\"  \/>\n\t\t<h3>Hungary<\/h3>\t\t\n\t\t\t\t<img loading=\"lazy\" decoding=\"async\" src=\"https:\/\/www.neilmed.com\/fra\/wp-content\/uploads\/sites\/11\/2022\/03\/gr.jpg\" alt=\"Greece Flag\" itemprop=\"image\" height=\"427\" width=\"640\" title=\"Greece Flag\" onerror=\"this.style.display='none'\"  \/>\n\t\t<h3>Greece<\/h3>\t\t\n\t\t\t\t<img loading=\"lazy\" decoding=\"async\" src=\"https:\/\/www.neilmed.com\/fra\/wp-content\/uploads\/sites\/11\/2022\/02\/de.jpg\" alt=\"Germany Flag\" itemprop=\"image\" height=\"384\" width=\"640\" title=\"Germany Flag\" onerror=\"this.style.display='none'\"  \/>\n\t\t<h3>Germany<\/h3>\t\t\n\t\t\t\t<img loading=\"lazy\" decoding=\"async\" src=\"https:\/\/www.neilmed.com\/fra\/wp-content\/uploads\/sites\/11\/2022\/03\/no.jpg\" alt=\"Norway Flag\" itemprop=\"image\" height=\"465\" width=\"640\" title=\"Norway Flag\" onerror=\"this.style.display='none'\"  \/>\n\t\t<h3>Norway<\/h3>\t\t\n\t\t\t\t<img loading=\"lazy\" decoding=\"async\" src=\"https:\/\/www.neilmed.com\/fra\/wp-content\/uploads\/sites\/11\/2022\/03\/dk.jpg\" alt=\"Denmark Flag\" itemprop=\"image\" height=\"484\" width=\"640\" title=\"Denmark Flag\" onerror=\"this.style.display='none'\"  \/>\n\t\t<h3>Denmark<\/h3>\t\t\n\t\t\t\t<img loading=\"lazy\" decoding=\"async\" src=\"https:\/\/www.neilmed.com\/fra\/wp-content\/uploads\/sites\/11\/2022\/03\/ro.jpg\" alt=\"Romania Flag\" itemprop=\"image\" height=\"427\" width=\"640\" title=\"Romania Flag\" onerror=\"this.style.display='none'\"  \/>\n\t\t<h3>Romania<\/h3>\t\t\n<h2>\n\t\tAsia Pacific\n\t<\/h2>\n\t\t\t\t<img loading=\"lazy\" decoding=\"async\" src=\"https:\/\/www.neilmed.com\/fra\/wp-content\/uploads\/sites\/11\/2022\/02\/au.jpg\" alt=\"Australia Flag\" itemprop=\"image\" height=\"320\" width=\"640\" title=\"Australia Flag\" onerror=\"this.style.display='none'\"  \/>\n\t\t<h3>Australia<\/h3>\t\t\n\t\t\t\t<img loading=\"lazy\" decoding=\"async\" src=\"https:\/\/www.neilmed.com\/fra\/wp-content\/uploads\/sites\/11\/2022\/02\/nz.jpg\" alt=\"New Zealand Flag\" itemprop=\"image\" height=\"320\" width=\"640\" title=\"New Zealand Flag\" onerror=\"this.style.display='none'\"  \/>\n\t\t<h3>New Zealand<\/h3>\t\t\n\t\t\t\t<img loading=\"lazy\" decoding=\"async\" src=\"https:\/\/www.neilmed.com\/fra\/wp-content\/uploads\/sites\/11\/2022\/02\/sg.jpg\" alt=\"Singapore Flag\" itemprop=\"image\" height=\"427\" width=\"640\" title=\"Singapore Flag\" onerror=\"this.style.display='none'\"  \/>\n\t\t<h3>Singapore<\/h3>\t\t\n\t\t\t\t<img loading=\"lazy\" decoding=\"async\" src=\"https:\/\/www.neilmed.com\/fra\/wp-content\/uploads\/sites\/11\/2022\/02\/jp.jpg\" alt=\"Japan Flag\" itemprop=\"image\" height=\"427\" width=\"640\" title=\"Japan Flag\" onerror=\"this.style.display='none'\"  \/>\n\t\t<h3>Japan<\/h3>\t\t\n\t\t\t\t<img loading=\"lazy\" decoding=\"async\" src=\"https:\/\/www.neilmed.com\/fra\/wp-content\/uploads\/sites\/11\/2022\/03\/my.jpg\" alt=\"Malaysia Flag\" itemprop=\"image\" height=\"320\" width=\"640\" title=\"Malaysia Flag\" onerror=\"this.style.display='none'\"  \/>\n\t\t<h3>Malaysia<\/h3>\t\t\n\t\t\t\t<img loading=\"lazy\" decoding=\"async\" src=\"https:\/\/www.neilmed.com\/fra\/wp-content\/uploads\/sites\/11\/2022\/03\/mn.jpg\" alt=\"Mongolia Flag\" itemprop=\"image\" height=\"320\" width=\"640\" title=\"Mongolia Flag\" onerror=\"this.style.display='none'\"  \/>\n\t\t<h3>Mongolia<\/h3>\t\t\n\t\t\t\t<img loading=\"lazy\" decoding=\"async\" src=\"https:\/\/www.neilmed.com\/fra\/wp-content\/uploads\/sites\/11\/2022\/02\/hk.jpg\" alt=\"Hong Kong Flag\" itemprop=\"image\" height=\"427\" width=\"640\" title=\"Hong Kong Flag\" onerror=\"this.style.display='none'\"  \/>\n\t\t<h3>Hong Kong<\/h3>\t\t\n\t\t\t\t<img loading=\"lazy\" decoding=\"async\" src=\"https:\/\/www.neilmed.com\/fra\/wp-content\/uploads\/sites\/11\/2022\/03\/lb.jpg\" alt=\"Lebanon Flag\" itemprop=\"image\" height=\"427\" width=\"640\" title=\"Lebanon Flag\" onerror=\"this.style.display='none'\"  \/>\n\t\t<h3>Lebanon<\/h3>\t\t\n\t\t\t\t<img loading=\"lazy\" decoding=\"async\" src=\"https:\/\/www.neilmed.com\/fra\/wp-content\/uploads\/sites\/11\/2022\/03\/ph.jpg\" alt=\"Philippines Flag\" itemprop=\"image\" height=\"320\" width=\"640\" title=\"Philippines Flag\" onerror=\"this.style.display='none'\"  \/>\n\t\t<h3>Philippines<\/h3>\t\t\n\t\t\t\t<img loading=\"lazy\" decoding=\"async\" src=\"https:\/\/www.neilmed.com\/fra\/wp-content\/uploads\/sites\/11\/2022\/03\/vn.jpg\" alt=\"Vietnam Flag\" itemprop=\"image\" height=\"427\" width=\"640\" title=\"Vietnam Flag\" onerror=\"this.style.display='none'\"  \/>\n\t\t<h3>Vietnam<\/h3>\t\t\n<h2>\n\t\tOther International\n\t<\/h2>\n\t\t\t\t<img loading=\"lazy\" decoding=\"async\" src=\"https:\/\/www.neilmed.com\/fra\/wp-content\/uploads\/sites\/11\/2022\/02\/cl.jpg\" alt=\"Chile Flag\" itemprop=\"image\" height=\"427\" width=\"640\" title=\"Chile Flag\" onerror=\"this.style.display='none'\"  \/>\n\t\t<h3>Chile<\/h3>\t\t\n\t\t\t\t<img loading=\"lazy\" decoding=\"async\" src=\"https:\/\/www.neilmed.com\/fra\/wp-content\/uploads\/sites\/11\/2022\/02\/co.jpg\" alt=\"Colombia Flag\" itemprop=\"image\" height=\"427\" width=\"640\" title=\"Colombia Flag\" onerror=\"this.style.display='none'\"  \/>\n\t\t<h3>Colombia<\/h3>\t\t\n\t\t\t\t<img loading=\"lazy\" decoding=\"async\" src=\"https:\/\/www.neilmed.com\/fra\/wp-content\/uploads\/sites\/11\/2022\/03\/pa.jpg\" alt=\"Panama Flag\" itemprop=\"image\" height=\"427\" width=\"640\" title=\"Panama Flag\" onerror=\"this.style.display='none'\"  \/>\n\t\t<h3>Panama<\/h3>\t\t\n\t\t\t\t<img loading=\"lazy\" decoding=\"async\" src=\"https:\/\/www.neilmed.com\/fra\/wp-content\/uploads\/sites\/11\/2022\/02\/cr.jpg\" alt=\"Costa Rica Flag\" itemprop=\"image\" height=\"384\" width=\"640\" title=\"Costa Rica Flag\" onerror=\"this.style.display='none'\"  \/>\n\t\t<h3>Costa Rica<\/h3>\t\t\n\t\t\t\t<img loading=\"lazy\" decoding=\"async\" src=\"https:\/\/www.neilmed.com\/fra\/wp-content\/uploads\/sites\/11\/2022\/03\/hn.jpg\" alt=\"Honduras Flag\" itemprop=\"image\" height=\"320\" width=\"640\" title=\"Honduras Flag\" onerror=\"this.style.display='none'\"  \/>\n\t\t<h3>Honduras<\/h3>\t\t\n\t\t\t\t<img loading=\"lazy\" decoding=\"async\" src=\"https:\/\/www.neilmed.com\/fra\/wp-content\/uploads\/sites\/11\/2022\/03\/tt.jpg\" alt=\"Trinidad &amp; Tobago Flag\" itemprop=\"image\" height=\"384\" width=\"640\" title=\"Trinidad &amp; Tobago Flag\" onerror=\"this.style.display='none'\"  \/>\n\t\t<h3>Trinidad &#038; Tobago<\/h3>\t\t\n\t<p>NeilMed<sup>&reg;<\/sup> s&rsquo;engage \u00e0 vous offrir le plus haut niveau de soutien. Nous faisons en sorte que vous puissiez obtenir facilement des r\u00e9ponses \u00e0 toutes vos questions sur l&rsquo;irrigation nasale, la sant\u00e9 des sinus ou du nez et les produits NeilMed. Nous vous offrons plusieurs moyens d&rsquo;obtenir de l&rsquo;aide ou de nous laisser vos commentaires. S\u00e9lectionnez votre moyen de communication pr\u00e9f\u00e9r\u00e9 ci-dessous.<\/p>\n<h4><strong>1. Consulter un m\u00e9decin<\/strong><\/h4>\n<p>Visitez notre page Consulter un m\u00e9decin pour lire les r\u00e9ponses aux questions que des clients comme vous ont d\u00e9j\u00e0 pos\u00e9es. Vous pouvez aussi poser votre propre question; nous vous r\u00e9pondrons dans un \u00e0 deux jours ouvrables. Le Dr Mehta lui-m\u00eame r\u00e9pond personnellement \u00e0 toutes les questions.\u00a0<a href=\"https:\/\/askdr.neilmed.com\/\">Cliquer ici<\/a>.<\/p>\n<h4><strong>2. T\u00e9l\u00e9phone<\/strong><\/h4>\n<p>Appelez sans frais pour parler directement avec un repr\u00e9sentant du service \u00e0 la client\u00e8le au\u00a0<a href=\"tel:877-477-8633\">1-877-477-8633<\/a>. Notre centre de vente et du service \u00e0 la client\u00e8le est \u00e0 votre disposition 24 heures par jour, 7 jours par semaine.<\/p>\n<h4><strong>3. Courriel<\/strong><\/h4>\n<p>Vous pr\u00e9f\u00e9rez envoyer un courriel ou souhaitez nous laisser un commentaire ou un t\u00e9moignage? Vos commentaires sont les bienvenus. Envoyez-nous un courriel \u00e0\u00a0<a href=\"mailto:questions@neilmed.com\">questions@neilmed.com<\/a>.<\/p>\n\t\t<h3>Respirez ais\u00e9ment gr\u00e2ce \u00e0 un nez bien d\u00e9gag\u00e9 et \u00ab retrouvez cette sensation de nez d\u00e9gag\u00e9 \u00bb<\/h3>\n\t\t\t<a href=\"https:\/\/www.neilmed.com\/fra\/order-now\/\" target=\"_self\" role=\"button\" rel=\"noopener\">\n\t\t\t\t\t\t\tCOMMANDER MAINTENANT\n\t\t\t<\/a>\n\t\t\t\t<img loading=\"lazy\" decoding=\"async\" src=\"https:\/\/www.neilmed.com\/fra\/wp-content\/uploads\/sites\/11\/2022\/04\/mail-icon-newsletter.svg\" alt=\"mail-icon-newsletter\" itemprop=\"image\" height=\"0\" width=\"0\" title=\"mail-icon-newsletter\" onerror=\"this.style.display='none'\"  \/>\n\tInscrivez-vous \u00e0 notre newsletter\n\t<p>Inscrivez-vous \u00e0 notre liste de distribution pour vous tenir au courant des derni\u00e8res nouvelles sur les offres sp\u00e9ciales, les promotions, la litt\u00e9rature m\u00e9dicale et les publications.<\/p>\n\t<form method=\"post\" action=\"\/fra\/newsletter-sign-up\/\" id=\"ContactFooter\">\n          <input type=\"email\" autocomplete=\"email\" placeholder=\"Your email\"\/>\n      <button type=\"submit\" name=\"commit\" id=\"Subscribe\">\n        S&rsquo;inscrire\n        Go\n      <\/button><\/form>\n\n","protected":false},"excerpt":{"rendered":"<p>HAVE QUESTIONS OR COMMENTS? Call Toll Free in USA &amp; Canada only :\u00a0+1 877 477 8633,\u00a0TEL :\u00a0+1 707 525 3784\u00a0or\u00a0Email to\u00a0questions@neilmed.com GLOBAL OFFICE LOCATIONS USA NeilMed\u00a0Pharmaceuticals, Inc.601 Aviation BlvdSanta Rosa, CA\u00a0 95403TOLL FREE:\u00a0 +1 877-477-8633TEL:\u00a0 +1 707-525-3784FAX:\u00a0 +1 707-525-3785 CANADA NeilMed\u00a0Pharmaceuticals, Inc.1300 Rodick Rd, Unit AMarkham, ON L3R8C3TOLL FREE:\u00a0 +1 877-477-8633TEL:\u00a0 +1 905-480-0202FAX:\u00a0 +1 905-480-0201&hellip;<\/p>\n","protected":false},"author":1,"featured_media":1975,"parent":0,"menu_order":15,"comment_status":"closed","ping_status":"closed","template":"","meta":{"_acf_changed":false,"inline_featured_image":false,"footnotes":""},"categories":[5,17],"tags":[],"class_list":["post-2847","page","type-page","status-publish","has-post-thumbnail","hentry","category-a-propos-de-neilmed","category-nous-contacter"],"yoast_head":"<!-- This site is optimized with the Yoast SEO Premium plugin v27.2 (Yoast SEO v27.3) - https:\/\/yoast.com\/product\/yoast-seo-premium-wordpress\/ -->\n<title>Installations mondiales - NeilMed Pharmaceuticals - French Canadian<\/title>\n<meta name=\"description\" content=\"NeilMed&reg; Pharmaceuticals is an international company and we have offices and supply depots in many different global locations.\" \/>\n<meta name=\"robots\" content=\"index, follow, max-snippet:-1, max-image-preview:large, max-video-preview:-1\" \/>\n<link rel=\"canonical\" href=\"https:\/\/www.neilmed.com\/fra\/installations-mondiales\/\" \/>\n<meta property=\"og:locale\" content=\"fr_CA\" \/>\n<meta property=\"og:type\" content=\"article\" \/>\n<meta property=\"og:title\" content=\"Installations mondiales\" \/>\n<meta property=\"og:description\" content=\"NeilMed&reg; Pharmaceuticals is an international company and we have offices and supply depots in many different global locations.\" \/>\n<meta property=\"og:url\" content=\"https:\/\/www.neilmed.com\/fra\/installations-mondiales\/\" \/>\n<meta property=\"og:site_name\" content=\"NeilMed Pharmaceuticals - French Canadian\" \/>\n<meta property=\"article:modified_time\" content=\"2022-11-10T01:55:18+00:00\" \/>\n<meta property=\"og:image\" content=\"https:\/\/www.neilmed.com\/fra\/wp-content\/uploads\/sites\/11\/2022\/03\/global-distribution-scaled.jpeg\" \/>\n\t<meta property=\"og:image:width\" content=\"1\" \/>\n\t<meta property=\"og:image:height\" content=\"1\" \/>\n\t<meta property=\"og:image:type\" content=\"image\/jpeg\" \/>\n<meta name=\"twitter:card\" content=\"summary_large_image\" \/>\n<meta name=\"twitter:label1\" content=\"Estimation du temps de lecture\" \/>\n\t<meta name=\"twitter:data1\" content=\"3 minutes\" \/>\n<script type=\"application\/ld+json\" class=\"yoast-schema-graph\">{\"@context\":\"https:\\\/\\\/schema.org\",\"@graph\":[{\"@type\":\"WebPage\",\"@id\":\"https:\\\/\\\/www.neilmed.com\\\/fra\\\/installations-mondiales\\\/\",\"url\":\"https:\\\/\\\/www.neilmed.com\\\/fra\\\/installations-mondiales\\\/\",\"name\":\"Installations mondiales - NeilMed Pharmaceuticals - French Canadian\",\"isPartOf\":{\"@id\":\"https:\\\/\\\/www.neilmed.com\\\/fra\\\/#website\"},\"primaryImageOfPage\":{\"@id\":\"https:\\\/\\\/www.neilmed.com\\\/fra\\\/installations-mondiales\\\/#primaryimage\"},\"image\":{\"@id\":\"https:\\\/\\\/www.neilmed.com\\\/fra\\\/installations-mondiales\\\/#primaryimage\"},\"thumbnailUrl\":\"https:\\\/\\\/www.neilmed.com\\\/fra\\\/wp-content\\\/uploads\\\/sites\\\/11\\\/2022\\\/03\\\/global-distribution-scaled.jpeg\",\"datePublished\":\"2022-03-18T17:06:19+00:00\",\"dateModified\":\"2022-11-10T01:55:18+00:00\",\"description\":\"NeilMed&reg; Pharmaceuticals is an international company and we have offices and supply depots in many different global locations.\",\"breadcrumb\":{\"@id\":\"https:\\\/\\\/www.neilmed.com\\\/fra\\\/installations-mondiales\\\/#breadcrumb\"},\"inLanguage\":\"fr-CA\",\"potentialAction\":[{\"@type\":\"ReadAction\",\"target\":[\"https:\\\/\\\/www.neilmed.com\\\/fra\\\/installations-mondiales\\\/\"]}]},{\"@type\":\"ImageObject\",\"inLanguage\":\"fr-CA\",\"@id\":\"https:\\\/\\\/www.neilmed.com\\\/fra\\\/installations-mondiales\\\/#primaryimage\",\"url\":\"https:\\\/\\\/www.neilmed.com\\\/fra\\\/wp-content\\\/uploads\\\/sites\\\/11\\\/2022\\\/03\\\/global-distribution-scaled.jpeg\",\"contentUrl\":\"https:\\\/\\\/www.neilmed.com\\\/fra\\\/wp-content\\\/uploads\\\/sites\\\/11\\\/2022\\\/03\\\/global-distribution-scaled.jpeg\",\"caption\":\"World Map Globe - Global Locations\"},{\"@type\":\"BreadcrumbList\",\"@id\":\"https:\\\/\\\/www.neilmed.com\\\/fra\\\/installations-mondiales\\\/#breadcrumb\",\"itemListElement\":[{\"@type\":\"ListItem\",\"position\":1,\"name\":\"Home\",\"item\":\"https:\\\/\\\/www.neilmed.com\\\/fra\\\/\"},{\"@type\":\"ListItem\",\"position\":2,\"name\":\"Installations mondiales\"}]},{\"@type\":\"WebSite\",\"@id\":\"https:\\\/\\\/www.neilmed.com\\\/fra\\\/#website\",\"url\":\"https:\\\/\\\/www.neilmed.com\\\/fra\\\/\",\"name\":\"NeilMed Pharmaceuticals - French Canadian\",\"description\":\"NeilMed Pharmaceuticals: world leader in nasal saline irrigation system | Sinus Rinse | Neti Pot | Nasal Irrigation\",\"potentialAction\":[{\"@type\":\"SearchAction\",\"target\":{\"@type\":\"EntryPoint\",\"urlTemplate\":\"https:\\\/\\\/www.neilmed.com\\\/fra\\\/?s={search_term_string}\"},\"query-input\":{\"@type\":\"PropertyValueSpecification\",\"valueRequired\":true,\"valueName\":\"search_term_string\"}}],\"inLanguage\":\"fr-CA\"}]}<\/script>\n<!-- \/ Yoast SEO Premium plugin. -->","yoast_head_json":{"title":"Installations mondiales - NeilMed Pharmaceuticals - French Canadian","description":"NeilMed&reg; Pharmaceuticals is an international company and we have offices and supply depots in many different global locations.","robots":{"index":"index","follow":"follow","max-snippet":"max-snippet:-1","max-image-preview":"max-image-preview:large","max-video-preview":"max-video-preview:-1"},"canonical":"https:\/\/www.neilmed.com\/fra\/installations-mondiales\/","og_locale":"fr_CA","og_type":"article","og_title":"Installations mondiales","og_description":"NeilMed&reg; Pharmaceuticals is an international company and we have offices and supply depots in many different global locations.","og_url":"https:\/\/www.neilmed.com\/fra\/installations-mondiales\/","og_site_name":"NeilMed Pharmaceuticals - French Canadian","article_modified_time":"2022-11-10T01:55:18+00:00","og_image":[{"url":"https:\/\/www.neilmed.com\/fra\/wp-content\/uploads\/sites\/11\/2022\/03\/global-distribution-scaled.jpeg","width":1,"height":1,"type":"image\/jpeg"}],"twitter_card":"summary_large_image","twitter_misc":{"Estimation du temps de lecture":"3 minutes"},"schema":{"@context":"https:\/\/schema.org","@graph":[{"@type":"WebPage","@id":"https:\/\/www.neilmed.com\/fra\/installations-mondiales\/","url":"https:\/\/www.neilmed.com\/fra\/installations-mondiales\/","name":"Installations mondiales - NeilMed Pharmaceuticals - French Canadian","isPartOf":{"@id":"https:\/\/www.neilmed.com\/fra\/#website"},"primaryImageOfPage":{"@id":"https:\/\/www.neilmed.com\/fra\/installations-mondiales\/#primaryimage"},"image":{"@id":"https:\/\/www.neilmed.com\/fra\/installations-mondiales\/#primaryimage"},"thumbnailUrl":"https:\/\/www.neilmed.com\/fra\/wp-content\/uploads\/sites\/11\/2022\/03\/global-distribution-scaled.jpeg","datePublished":"2022-03-18T17:06:19+00:00","dateModified":"2022-11-10T01:55:18+00:00","description":"NeilMed&reg; Pharmaceuticals is an international company and we have offices and supply depots in many different global locations.","breadcrumb":{"@id":"https:\/\/www.neilmed.com\/fra\/installations-mondiales\/#breadcrumb"},"inLanguage":"fr-CA","potentialAction":[{"@type":"ReadAction","target":["https:\/\/www.neilmed.com\/fra\/installations-mondiales\/"]}]},{"@type":"ImageObject","inLanguage":"fr-CA","@id":"https:\/\/www.neilmed.com\/fra\/installations-mondiales\/#primaryimage","url":"https:\/\/www.neilmed.com\/fra\/wp-content\/uploads\/sites\/11\/2022\/03\/global-distribution-scaled.jpeg","contentUrl":"https:\/\/www.neilmed.com\/fra\/wp-content\/uploads\/sites\/11\/2022\/03\/global-distribution-scaled.jpeg","caption":"World Map Globe - Global Locations"},{"@type":"BreadcrumbList","@id":"https:\/\/www.neilmed.com\/fra\/installations-mondiales\/#breadcrumb","itemListElement":[{"@type":"ListItem","position":1,"name":"Home","item":"https:\/\/www.neilmed.com\/fra\/"},{"@type":"ListItem","position":2,"name":"Installations mondiales"}]},{"@type":"WebSite","@id":"https:\/\/www.neilmed.com\/fra\/#website","url":"https:\/\/www.neilmed.com\/fra\/","name":"NeilMed Pharmaceuticals - French Canadian","description":"NeilMed Pharmaceuticals: world leader in nasal saline irrigation system | Sinus Rinse | Neti Pot | Nasal Irrigation","potentialAction":[{"@type":"SearchAction","target":{"@type":"EntryPoint","urlTemplate":"https:\/\/www.neilmed.com\/fra\/?s={search_term_string}"},"query-input":{"@type":"PropertyValueSpecification","valueRequired":true,"valueName":"search_term_string"}}],"inLanguage":"fr-CA"}]}},"acf":[],"_links":{"self":[{"href":"https:\/\/www.neilmed.com\/fra\/wp-json\/wp\/v2\/pages\/2847","targetHints":{"allow":["GET"]}}],"collection":[{"href":"https:\/\/www.neilmed.com\/fra\/wp-json\/wp\/v2\/pages"}],"about":[{"href":"https:\/\/www.neilmed.com\/fra\/wp-json\/wp\/v2\/types\/page"}],"author":[{"embeddable":true,"href":"https:\/\/www.neilmed.com\/fra\/wp-json\/wp\/v2\/users\/1"}],"replies":[{"embeddable":true,"href":"https:\/\/www.neilmed.com\/fra\/wp-json\/wp\/v2\/comments?post=2847"}],"version-history":[{"count":1,"href":"https:\/\/www.neilmed.com\/fra\/wp-json\/wp\/v2\/pages\/2847\/revisions"}],"predecessor-version":[{"id":4275,"href":"https:\/\/www.neilmed.com\/fra\/wp-json\/wp\/v2\/pages\/2847\/revisions\/4275"}],"wp:featuredmedia":[{"embeddable":true,"href":"https:\/\/www.neilmed.com\/fra\/wp-json\/wp\/v2\/media\/1975"}],"wp:attachment":[{"href":"https:\/\/www.neilmed.com\/fra\/wp-json\/wp\/v2\/media?parent=2847"}],"wp:term":[{"taxonomy":"category","embeddable":true,"href":"https:\/\/www.neilmed.com\/fra\/wp-json\/wp\/v2\/categories?post=2847"},{"taxonomy":"post_tag","embeddable":true,"href":"https:\/\/www.neilmed.com\/fra\/wp-json\/wp\/v2\/tags?post=2847"}],"curies":[{"name":"wp","href":"https:\/\/api.w.org\/{rel}","templated":true}]}}