{"id":85,"date":"2022-02-17T10:52:28","date_gmt":"2022-02-17T18:52:28","guid":{"rendered":"https:\/\/dev.neilmed.com\/fra\/?page_id=85"},"modified":"2022-02-17T10:52:28","modified_gmt":"2022-02-17T18:52:28","slug":"irrigation-a-grand-volume-vs-micropulverisation","status":"publish","type":"page","link":"https:\/\/www.neilmed.com\/fra\/irrigation-a-grand-volume-vs-micropulverisation\/","title":{"rendered":"Irrigation \u00c0 Grand Volume Vs Micropulv\u00e9risation"},"content":{"rendered":"\n\n\t<span><span><a href=\"https:\/\/www.neilmed.com\/fra\/\">Home<\/a><\/span><\/span>\n\t<p>Irrigation \u00c0 Grand Volume Vs Micropulv\u00e9risation<\/p>\n\t<h2>Les flacons vaporisateurs ou les vaporisateurs sous pression sont-ils consid\u00e9r\u00e9s comme des syst\u00e8mes d&rsquo;irrigation nasale, de douche nasale ou de lavage nasal?<\/h2>\n\t<p>La r\u00e9ponse est simplement NON. Ce serait comme comparer l&rsquo;efficacit\u00e9 d&rsquo;un tuyau d&rsquo;arrosage pour nettoyer de la boue coll\u00e9e sur un pare-brise \u00e0 celle d&rsquo;un d&rsquo;un petit flacon vaporisateur. Il existe divers produits \u00e0 vaporiser sur le march\u00e9, et \u00e0 notre avis, ce ne sont que des hydratants que l&rsquo;on aurait tort de confondre avec de v\u00e9ritables syst\u00e8mes d&rsquo;irrigation nasale. Il n&rsquo;est tout simplement pas possible de s&rsquo;administrer un volume suffisant de solution irrigante \u00e0 l&rsquo;aide d&rsquo;un vaporisateur. Vous pouvez \u00e9galement demander conseil \u00e0 votre m\u00e9decin. Le volume est essentiel \u00e0 un lavage, une irrigation ou une douche nasal(e). De plus, lorsqu&rsquo;on instille la solution dans une voie nasale, la solution doit continuer \u00e0 circuler vers le haut, contourner la cloison et ressortir vers le bas par l&rsquo;autre voie nasale. \u00c0 d\u00e9faut de quoi vous n&rsquo;obtiendrez pas un nettoyage complet. En pressant le flacon de SINUS RINSEMC de NeilMed pendant quelques secondes, vous vous administrez au moins 30 mL (1 oz) \u00e0 60 mL (2 oz) de solution, ou m\u00eame davantage. En vaporisant la solution \u00e0 partir d&rsquo;un r\u00e9cipient sous pression pendant quelques secondes, ou en appuyant \u00e0 quelques reprises sur le bouton d&rsquo;un flacon vaporisateur, le volume de solution que vous vous administrerez sera de 0,5 \u00e0 5 mL, en mettant les choses au mieux. Vous obtiendrez certainement un bon effet hydratant, mais la solution n&rsquo;\u00e9liminera pas l&rsquo;exc\u00e8s de mucus ni les allerg\u00e8nes. Ils ont sans doute une place dans l&rsquo;hydratation des voies nasales, mais ne procureront pas l&rsquo;hygi\u00e8ne nasale requise ni le nettoyage que SINUS RINSEMC de NeilMed ou toute autre marque de syst\u00e8me d&rsquo;irrigation grand volume peut procurer. \u00c0 notre avis, il faut de 120 mL (4 oz) \u00e0 480 mL (16 oz) de solution pour effectuer une irrigation ad\u00e9quate. N&rsquo;oubliez pas la diff\u00e9rence de co\u00fbt. Un sachet ordinaire de SINUS RINSEMC de NeilMed donne 8 oz de solution et une bo\u00eete de 100 sachets donne 800 oz.<\/p>\n\t<p>If you have any questions, please email us at\u00a0<a href=\"mailto:%20questions@neilmed.com\"><strong>questions@neilmed.com<\/strong><\/a> | <strong><a href=\"https:\/\/www.neilmed.com\/fra\/global-locations\/\">Click Here<\/a><\/strong> to view a list of Toll Free numbers worldwide.<\/p>\n\t\t<h3>Respirez ais\u00e9ment gr\u00e2ce \u00e0 un nez bien d\u00e9gag\u00e9 et \u00ab retrouvez cette sensation de nez d\u00e9gag\u00e9 \u00bb<\/h3>\n\t\t\t<a href=\"https:\/\/shop.neilmed.com\/\" target=\"_self\" role=\"button\" rel=\"noopener\">\n\t\t\t\t\t\t\tCOMMANDER MAINTENANT\n\t\t\t<\/a>\n\t\t\t\t<img decoding=\"async\" src=\"https:\/\/www.neilmed.com\/fra\/wp-content\/uploads\/sites\/11\/2022\/04\/mail-icon-newsletter.svg\" alt=\"mail-icon-newsletter\" title=\"mail-icon-newsletter\" \/>\n\tInscrivez-vous \u00e0 notre newsletter\n\t<p>Inscrivez-vous \u00e0 notre liste de distribution pour vous tenir au courant des derni\u00e8res nouvelles sur les offres sp\u00e9ciales, les promotions, la litt\u00e9rature m\u00e9dicale et les publications.<\/p>\n\t\n          \n      <button type=\"submit\" name=\"commit\" id=\"Subscribe\">\n        S&rsquo;inscrire\n        Go\n      <\/button>\n\n","protected":false},"excerpt":{"rendered":"<p>Irrigation \u00c0 Grand Volume Vs Micropulv\u00e9risation Les flacons vaporisateurs ou les vaporisateurs sous pression sont-ils consid\u00e9r\u00e9s comme des syst\u00e8mes d&rsquo;irrigation nasale, de douche nasale ou de lavage nasal? La r\u00e9ponse est simplement NON. Ce serait comme comparer l&rsquo;efficacit\u00e9 d&rsquo;un tuyau d&rsquo;arrosage pour nettoyer de la boue coll\u00e9e sur un pare-brise \u00e0 celle d&rsquo;un d&rsquo;un petit&hellip;<\/p>\n","protected":false},"author":1,"featured_media":1530,"parent":0,"menu_order":14,"comment_status":"closed","ping_status":"closed","template":"","meta":{"_acf_changed":false,"inline_featured_image":false,"footnotes":""},"categories":[10,6],"tags":[],"class_list":["post-85","page","type-page","status-publish","has-post-thumbnail","hentry","category-articles-et-litterature-medicaux","category-sinus-allergy"],"yoast_head":"<!-- This site is optimized with the Yoast SEO Premium plugin v27.2 (Yoast SEO v27.3) - https:\/\/yoast.com\/product\/yoast-seo-premium-wordpress\/ -->\n<title>Irrigation \u00c0 Grand Volume Vs Micropulv\u00e9risation - NeilMed Pharmaceuticals - French Canadian<\/title>\n<meta name=\"description\" content=\"Volume Rinse VS Microspray. Are nasal\u00a0Spray Bottles\u00a0or\u00a0Pressurized Spray Cans\u00a0considered a nasal wash, nasal rinse or nasal lavage system?\" \/>\n<meta name=\"robots\" content=\"index, follow, max-snippet:-1, max-image-preview:large, max-video-preview:-1\" \/>\n<link rel=\"canonical\" href=\"https:\/\/www.neilmed.com\/fra\/irrigation-a-grand-volume-vs-micropulverisation\/\" \/>\n<meta property=\"og:locale\" content=\"fr_CA\" \/>\n<meta property=\"og:type\" content=\"article\" \/>\n<meta property=\"og:title\" content=\"Irrigation \u00c0 Grand Volume Vs Micropulv\u00e9risation\" \/>\n<meta property=\"og:description\" content=\"Volume Rinse VS Microspray. Are nasal\u00a0Spray Bottles\u00a0or\u00a0Pressurized Spray Cans\u00a0considered a nasal wash, nasal rinse or nasal lavage system?\" \/>\n<meta property=\"og:url\" content=\"https:\/\/www.neilmed.com\/fra\/irrigation-a-grand-volume-vs-micropulverisation\/\" \/>\n<meta property=\"og:site_name\" content=\"NeilMed Pharmaceuticals - French Canadian\" \/>\n<meta property=\"og:image\" content=\"https:\/\/www.neilmed.com\/fra\/wp-content\/uploads\/sites\/11\/2022\/03\/nasal-spray-bottle-scaled.jpeg\" \/>\n\t<meta property=\"og:image:width\" content=\"2560\" \/>\n\t<meta property=\"og:image:height\" content=\"2560\" \/>\n\t<meta property=\"og:image:type\" content=\"image\/jpeg\" \/>\n<meta name=\"twitter:card\" content=\"summary_large_image\" \/>\n<meta name=\"twitter:label1\" content=\"Estimation du temps de lecture\" \/>\n\t<meta name=\"twitter:data1\" content=\"2 minutes\" \/>\n<script type=\"application\/ld+json\" class=\"yoast-schema-graph\">{\"@context\":\"https:\\\/\\\/schema.org\",\"@graph\":[{\"@type\":\"WebPage\",\"@id\":\"https:\\\/\\\/www.neilmed.com\\\/fra\\\/irrigation-a-grand-volume-vs-micropulverisation\\\/\",\"url\":\"https:\\\/\\\/www.neilmed.com\\\/fra\\\/irrigation-a-grand-volume-vs-micropulverisation\\\/\",\"name\":\"Irrigation \u00c0 Grand Volume Vs Micropulv\u00e9risation - NeilMed Pharmaceuticals - French Canadian\",\"isPartOf\":{\"@id\":\"https:\\\/\\\/www.neilmed.com\\\/fra\\\/#website\"},\"primaryImageOfPage\":{\"@id\":\"https:\\\/\\\/www.neilmed.com\\\/fra\\\/irrigation-a-grand-volume-vs-micropulverisation\\\/#primaryimage\"},\"image\":{\"@id\":\"https:\\\/\\\/www.neilmed.com\\\/fra\\\/irrigation-a-grand-volume-vs-micropulverisation\\\/#primaryimage\"},\"thumbnailUrl\":\"https:\\\/\\\/www.neilmed.com\\\/fra\\\/wp-content\\\/uploads\\\/sites\\\/11\\\/2022\\\/03\\\/nasal-spray-bottle-scaled.jpeg\",\"datePublished\":\"2022-02-17T18:52:28+00:00\",\"description\":\"Volume Rinse VS Microspray. Are nasal\u00a0Spray Bottles\u00a0or\u00a0Pressurized Spray Cans\u00a0considered a nasal wash, nasal rinse or nasal lavage system?\",\"breadcrumb\":{\"@id\":\"https:\\\/\\\/www.neilmed.com\\\/fra\\\/irrigation-a-grand-volume-vs-micropulverisation\\\/#breadcrumb\"},\"inLanguage\":\"fr-CA\",\"potentialAction\":[{\"@type\":\"ReadAction\",\"target\":[\"https:\\\/\\\/www.neilmed.com\\\/fra\\\/irrigation-a-grand-volume-vs-micropulverisation\\\/\"]}]},{\"@type\":\"ImageObject\",\"inLanguage\":\"fr-CA\",\"@id\":\"https:\\\/\\\/www.neilmed.com\\\/fra\\\/irrigation-a-grand-volume-vs-micropulverisation\\\/#primaryimage\",\"url\":\"https:\\\/\\\/www.neilmed.com\\\/fra\\\/wp-content\\\/uploads\\\/sites\\\/11\\\/2022\\\/03\\\/nasal-spray-bottle-scaled.jpeg\",\"contentUrl\":\"https:\\\/\\\/www.neilmed.com\\\/fra\\\/wp-content\\\/uploads\\\/sites\\\/11\\\/2022\\\/03\\\/nasal-spray-bottle-scaled.jpeg\",\"width\":2560,\"height\":2560,\"caption\":\"nasal spray bottle in front of other bottles row, shallow depth of field, advertisement concept\"},{\"@type\":\"BreadcrumbList\",\"@id\":\"https:\\\/\\\/www.neilmed.com\\\/fra\\\/irrigation-a-grand-volume-vs-micropulverisation\\\/#breadcrumb\",\"itemListElement\":[{\"@type\":\"ListItem\",\"position\":1,\"name\":\"Home\",\"item\":\"https:\\\/\\\/www.neilmed.com\\\/fra\\\/\"},{\"@type\":\"ListItem\",\"position\":2,\"name\":\"Irrigation \u00c0 Grand Volume Vs Micropulv\u00e9risation\"}]},{\"@type\":\"WebSite\",\"@id\":\"https:\\\/\\\/www.neilmed.com\\\/fra\\\/#website\",\"url\":\"https:\\\/\\\/www.neilmed.com\\\/fra\\\/\",\"name\":\"NeilMed Pharmaceuticals - French Canadian\",\"description\":\"NeilMed Pharmaceuticals: world leader in nasal saline irrigation system | Sinus Rinse | Neti Pot | Nasal Irrigation\",\"potentialAction\":[{\"@type\":\"SearchAction\",\"target\":{\"@type\":\"EntryPoint\",\"urlTemplate\":\"https:\\\/\\\/www.neilmed.com\\\/fra\\\/?s={search_term_string}\"},\"query-input\":{\"@type\":\"PropertyValueSpecification\",\"valueRequired\":true,\"valueName\":\"search_term_string\"}}],\"inLanguage\":\"fr-CA\"}]}<\/script>\n<!-- \/ Yoast SEO Premium plugin. -->","yoast_head_json":{"title":"Irrigation \u00c0 Grand Volume Vs Micropulv\u00e9risation - NeilMed Pharmaceuticals - French Canadian","description":"Volume Rinse VS Microspray. Are nasal\u00a0Spray Bottles\u00a0or\u00a0Pressurized Spray Cans\u00a0considered a nasal wash, nasal rinse or nasal lavage system?","robots":{"index":"index","follow":"follow","max-snippet":"max-snippet:-1","max-image-preview":"max-image-preview:large","max-video-preview":"max-video-preview:-1"},"canonical":"https:\/\/www.neilmed.com\/fra\/irrigation-a-grand-volume-vs-micropulverisation\/","og_locale":"fr_CA","og_type":"article","og_title":"Irrigation \u00c0 Grand Volume Vs Micropulv\u00e9risation","og_description":"Volume Rinse VS Microspray. Are nasal\u00a0Spray Bottles\u00a0or\u00a0Pressurized Spray Cans\u00a0considered a nasal wash, nasal rinse or nasal lavage system?","og_url":"https:\/\/www.neilmed.com\/fra\/irrigation-a-grand-volume-vs-micropulverisation\/","og_site_name":"NeilMed Pharmaceuticals - French Canadian","og_image":[{"width":2560,"height":2560,"url":"https:\/\/www.neilmed.com\/fra\/wp-content\/uploads\/sites\/11\/2022\/03\/nasal-spray-bottle-scaled.jpeg","type":"image\/jpeg"}],"twitter_card":"summary_large_image","twitter_misc":{"Estimation du temps de lecture":"2 minutes"},"schema":{"@context":"https:\/\/schema.org","@graph":[{"@type":"WebPage","@id":"https:\/\/www.neilmed.com\/fra\/irrigation-a-grand-volume-vs-micropulverisation\/","url":"https:\/\/www.neilmed.com\/fra\/irrigation-a-grand-volume-vs-micropulverisation\/","name":"Irrigation \u00c0 Grand Volume Vs Micropulv\u00e9risation - NeilMed Pharmaceuticals - French Canadian","isPartOf":{"@id":"https:\/\/www.neilmed.com\/fra\/#website"},"primaryImageOfPage":{"@id":"https:\/\/www.neilmed.com\/fra\/irrigation-a-grand-volume-vs-micropulverisation\/#primaryimage"},"image":{"@id":"https:\/\/www.neilmed.com\/fra\/irrigation-a-grand-volume-vs-micropulverisation\/#primaryimage"},"thumbnailUrl":"https:\/\/www.neilmed.com\/fra\/wp-content\/uploads\/sites\/11\/2022\/03\/nasal-spray-bottle-scaled.jpeg","datePublished":"2022-02-17T18:52:28+00:00","description":"Volume Rinse VS Microspray. Are nasal\u00a0Spray Bottles\u00a0or\u00a0Pressurized Spray Cans\u00a0considered a nasal wash, nasal rinse or nasal lavage system?","breadcrumb":{"@id":"https:\/\/www.neilmed.com\/fra\/irrigation-a-grand-volume-vs-micropulverisation\/#breadcrumb"},"inLanguage":"fr-CA","potentialAction":[{"@type":"ReadAction","target":["https:\/\/www.neilmed.com\/fra\/irrigation-a-grand-volume-vs-micropulverisation\/"]}]},{"@type":"ImageObject","inLanguage":"fr-CA","@id":"https:\/\/www.neilmed.com\/fra\/irrigation-a-grand-volume-vs-micropulverisation\/#primaryimage","url":"https:\/\/www.neilmed.com\/fra\/wp-content\/uploads\/sites\/11\/2022\/03\/nasal-spray-bottle-scaled.jpeg","contentUrl":"https:\/\/www.neilmed.com\/fra\/wp-content\/uploads\/sites\/11\/2022\/03\/nasal-spray-bottle-scaled.jpeg","width":2560,"height":2560,"caption":"nasal spray bottle in front of other bottles row, shallow depth of field, advertisement concept"},{"@type":"BreadcrumbList","@id":"https:\/\/www.neilmed.com\/fra\/irrigation-a-grand-volume-vs-micropulverisation\/#breadcrumb","itemListElement":[{"@type":"ListItem","position":1,"name":"Home","item":"https:\/\/www.neilmed.com\/fra\/"},{"@type":"ListItem","position":2,"name":"Irrigation \u00c0 Grand Volume Vs Micropulv\u00e9risation"}]},{"@type":"WebSite","@id":"https:\/\/www.neilmed.com\/fra\/#website","url":"https:\/\/www.neilmed.com\/fra\/","name":"NeilMed Pharmaceuticals - French Canadian","description":"NeilMed Pharmaceuticals: world leader in nasal saline irrigation system | Sinus Rinse | Neti Pot | Nasal Irrigation","potentialAction":[{"@type":"SearchAction","target":{"@type":"EntryPoint","urlTemplate":"https:\/\/www.neilmed.com\/fra\/?s={search_term_string}"},"query-input":{"@type":"PropertyValueSpecification","valueRequired":true,"valueName":"search_term_string"}}],"inLanguage":"fr-CA"}]}},"acf":[],"_links":{"self":[{"href":"https:\/\/www.neilmed.com\/fra\/wp-json\/wp\/v2\/pages\/85","targetHints":{"allow":["GET"]}}],"collection":[{"href":"https:\/\/www.neilmed.com\/fra\/wp-json\/wp\/v2\/pages"}],"about":[{"href":"https:\/\/www.neilmed.com\/fra\/wp-json\/wp\/v2\/types\/page"}],"author":[{"embeddable":true,"href":"https:\/\/www.neilmed.com\/fra\/wp-json\/wp\/v2\/users\/1"}],"replies":[{"embeddable":true,"href":"https:\/\/www.neilmed.com\/fra\/wp-json\/wp\/v2\/comments?post=85"}],"version-history":[{"count":0,"href":"https:\/\/www.neilmed.com\/fra\/wp-json\/wp\/v2\/pages\/85\/revisions"}],"wp:featuredmedia":[{"embeddable":true,"href":"https:\/\/www.neilmed.com\/fra\/wp-json\/wp\/v2\/media\/1530"}],"wp:attachment":[{"href":"https:\/\/www.neilmed.com\/fra\/wp-json\/wp\/v2\/media?parent=85"}],"wp:term":[{"taxonomy":"category","embeddable":true,"href":"https:\/\/www.neilmed.com\/fra\/wp-json\/wp\/v2\/categories?post=85"},{"taxonomy":"post_tag","embeddable":true,"href":"https:\/\/www.neilmed.com\/fra\/wp-json\/wp\/v2\/tags?post=85"}],"curies":[{"name":"wp","href":"https:\/\/api.w.org\/{rel}","templated":true}]}}