{"id":200,"date":"2022-02-17T14:47:53","date_gmt":"2022-02-17T13:47:53","guid":{"rendered":"https:\/\/dev.neilmed.com\/ger\/?page_id=200"},"modified":"2026-03-19T21:46:32","modified_gmt":"2026-03-19T20:46:32","slug":"guarantee","status":"publish","type":"page","link":"https:\/\/www.neilmed.com\/ger\/guarantee\/","title":{"rendered":"Guarantee"},"content":{"rendered":"\n\n\t<span><span><a href=\"https:\/\/www.neilmed.com\/ger\/\">Home<\/a><\/span><\/span>\n\t<p>NeilMed<sup>&reg;<\/sup> Garantie<\/p>\n\t<h2><em><strong>90 TAGE VOLLES GELD ZUR\u00dcCK &#8211; GARANTIERT.<\/strong><\/em><\/h2>\n<p>Bitte senden Sie das Produkt innerhalb von 90 Tagen nach dem Kauf zur\u00fcck. Sie m\u00fcssen Ihren Grund f\u00fcr die R\u00fccksendung angeben und alle nicht verwendeten Verbrauchsmaterialien an unser B\u00fcro in Ratingen zur\u00fccksenden. Wir erstatten den Rechnungsbetrag.<\/p>\n<p>Wenn Teile in der Packung fehlen ODER besch\u00e4digt sind, senden Sie sie bitte nicht zur\u00fcck. Senden Sie uns stattdessen eine E-Mail an <a href=\"mailto:info-DE@neilmed.com\">info-DE@neilmed.com<\/a>. Wir senden Ihnen den Ersatz kostenlos zu.<\/p>\n\t\t\t\t<img decoding=\"async\" src=\"https:\/\/www.neilmed.com\/ger\/wp-content\/uploads\/sites\/10\/2022\/03\/neilmed-tagline.svg\" alt=\"NeilMed&amp;reg; - World Leader in Large Volume &amp; Low Pressure&amp;trade; Saline Nasal Irrigation\" itemprop=\"image\" height=\"0\" width=\"0\" title=\"neilmed-tagline\" onerror=\"this.style.display='none'\" loading=\"lazy\" \/>\n\t\t<h3>Erlebe das Gef\u00fchl einer freien Nase<\/h3>\n\t\t\t<a href=\"https:\/\/www.neilmed.com\/ger\/unsere-marktplaetze\/\" target=\"_self\">\n\t\t\t\t\t\t\tJETZT BESTELLEN\n\t\t\t<\/a>\n\t\t\t\t<img decoding=\"async\" src=\"https:\/\/www.neilmed.com\/ger\/wp-content\/uploads\/sites\/10\/2022\/04\/mail-icon-newsletter.svg\" alt=\"mail-icon-newsletter\" itemprop=\"image\" height=\"0\" width=\"0\" title=\"mail-icon-newsletter\" onerror=\"this.style.display='none'\" loading=\"lazy\" \/>\n\tJoin Our Newsletter\n\t<p>Tragen Sie sich in unsere Mailingliste ein, um auf dem neuesten Stand zu bleiben und aktuelle Informationen zu Sonderangeboten, Werbeaktionen, medizinischen Literaturen und Ver\u00f6ffentlichungen zu erhalten.<\/p>\n\t<form method=\"post\" action=\"\/usa\/newsletter-sign-up\/\" id=\"ContactFooter\">\n          <input type=\"email\" autocomplete=\"email\" placeholder=\"Your email\"\/>\n      <button type=\"submit\" name=\"commit\" id=\"Subscribe\">\n        Subscribe\n        Go\n      <\/button><\/form>\n\n","protected":false},"excerpt":{"rendered":"<p>NeilMed&reg; Garantie 90 TAGE VOLLES GELD ZUR\u00dcCK &#8211; GARANTIERT. Bitte senden Sie das Produkt innerhalb von 90 Tagen nach dem Kauf zur\u00fcck. Sie m\u00fcssen Ihren Grund f\u00fcr die R\u00fccksendung angeben und alle nicht verwendeten Verbrauchsmaterialien an unser B\u00fcro in Ratingen zur\u00fccksenden. Wir erstatten den Rechnungsbetrag. Wenn Teile in der Packung fehlen ODER besch\u00e4digt sind, senden&hellip;<\/p>\n","protected":false},"author":1,"featured_media":1490,"parent":0,"menu_order":19,"comment_status":"closed","ping_status":"closed","template":"","meta":{"_acf_changed":false,"inline_featured_image":false,"footnotes":""},"categories":[13],"tags":[],"class_list":["post-200","page","type-page","status-publish","has-post-thumbnail","hentry","category-important-links"],"yoast_head":"<!-- This site is optimized with the Yoast SEO Premium plugin v27.2 (Yoast SEO v27.3) - https:\/\/yoast.com\/product\/yoast-seo-premium-wordpress\/ -->\n<title>Guarantee - NeilMed Pharmaceuticals - Germany<\/title>\n<meta name=\"description\" content=\"NeilMed&reg; 90 day money back guarantee. Please return the product within 90 days of purchase and we will refund the billed amount...\" \/>\n<meta name=\"robots\" content=\"index, follow, max-snippet:-1, max-image-preview:large, max-video-preview:-1\" \/>\n<link rel=\"canonical\" href=\"https:\/\/www.neilmed.com\/ger\/guarantee\/\" \/>\n<meta property=\"og:locale\" content=\"de_DE\" \/>\n<meta property=\"og:type\" content=\"article\" \/>\n<meta property=\"og:title\" content=\"Guarantee\" \/>\n<meta property=\"og:description\" content=\"NeilMed&reg; 90 day money back guarantee. Please return the product within 90 days of purchase and we will refund the billed amount...\" \/>\n<meta property=\"og:url\" content=\"https:\/\/www.neilmed.com\/ger\/guarantee\/\" \/>\n<meta property=\"og:site_name\" content=\"NeilMed Pharmaceuticals - Germany\" \/>\n<meta property=\"article:modified_time\" content=\"2026-03-19T20:46:32+00:00\" \/>\n<meta property=\"og:image\" content=\"https:\/\/www.neilmed.com\/ger\/wp-content\/uploads\/sites\/10\/2022\/03\/doctors-scaled.jpeg\" \/>\n\t<meta property=\"og:image:width\" content=\"2560\" \/>\n\t<meta property=\"og:image:height\" content=\"896\" \/>\n\t<meta property=\"og:image:type\" content=\"image\/jpeg\" \/>\n<meta name=\"twitter:card\" content=\"summary_large_image\" \/>\n<meta name=\"twitter:label1\" content=\"Gesch\u00e4tzte Lesezeit\" \/>\n\t<meta name=\"twitter:data1\" content=\"1\u00a0Minute\" \/>\n<script type=\"application\/ld+json\" class=\"yoast-schema-graph\">{\"@context\":\"https:\\\/\\\/schema.org\",\"@graph\":[{\"@type\":\"WebPage\",\"@id\":\"https:\\\/\\\/www.neilmed.com\\\/ger\\\/guarantee\\\/\",\"url\":\"https:\\\/\\\/www.neilmed.com\\\/ger\\\/guarantee\\\/\",\"name\":\"Guarantee - NeilMed Pharmaceuticals - Germany\",\"isPartOf\":{\"@id\":\"https:\\\/\\\/www.neilmed.com\\\/ger\\\/#website\"},\"primaryImageOfPage\":{\"@id\":\"https:\\\/\\\/www.neilmed.com\\\/ger\\\/guarantee\\\/#primaryimage\"},\"image\":{\"@id\":\"https:\\\/\\\/www.neilmed.com\\\/ger\\\/guarantee\\\/#primaryimage\"},\"thumbnailUrl\":\"https:\\\/\\\/www.neilmed.com\\\/ger\\\/wp-content\\\/uploads\\\/sites\\\/10\\\/2022\\\/03\\\/doctors-scaled.jpeg\",\"datePublished\":\"2022-02-17T13:47:53+00:00\",\"dateModified\":\"2026-03-19T20:46:32+00:00\",\"description\":\"NeilMed&reg; 90 day money back guarantee. Please return the product within 90 days of purchase and we will refund the billed amount...\",\"breadcrumb\":{\"@id\":\"https:\\\/\\\/www.neilmed.com\\\/ger\\\/guarantee\\\/#breadcrumb\"},\"inLanguage\":\"de\",\"potentialAction\":[{\"@type\":\"ReadAction\",\"target\":[\"https:\\\/\\\/www.neilmed.com\\\/ger\\\/guarantee\\\/\"]}]},{\"@type\":\"ImageObject\",\"inLanguage\":\"de\",\"@id\":\"https:\\\/\\\/www.neilmed.com\\\/ger\\\/guarantee\\\/#primaryimage\",\"url\":\"https:\\\/\\\/www.neilmed.com\\\/ger\\\/wp-content\\\/uploads\\\/sites\\\/10\\\/2022\\\/03\\\/doctors-scaled.jpeg\",\"contentUrl\":\"https:\\\/\\\/www.neilmed.com\\\/ger\\\/wp-content\\\/uploads\\\/sites\\\/10\\\/2022\\\/03\\\/doctors-scaled.jpeg\",\"width\":2560,\"height\":896,\"caption\":\"Doctors\"},{\"@type\":\"BreadcrumbList\",\"@id\":\"https:\\\/\\\/www.neilmed.com\\\/ger\\\/guarantee\\\/#breadcrumb\",\"itemListElement\":[{\"@type\":\"ListItem\",\"position\":1,\"name\":\"Home\",\"item\":\"https:\\\/\\\/www.neilmed.com\\\/ger\\\/\"},{\"@type\":\"ListItem\",\"position\":2,\"name\":\"Guarantee\"}]},{\"@type\":\"WebSite\",\"@id\":\"https:\\\/\\\/www.neilmed.com\\\/ger\\\/#website\",\"url\":\"https:\\\/\\\/www.neilmed.com\\\/ger\\\/\",\"name\":\"NeilMed Pharmaceuticals - Germany\",\"description\":\"NeilMed Pharmaceuticals: world leader in nasal saline irrigation system | Sinus Rinse | Neti Pot | Nasal Irrigation\",\"potentialAction\":[{\"@type\":\"SearchAction\",\"target\":{\"@type\":\"EntryPoint\",\"urlTemplate\":\"https:\\\/\\\/www.neilmed.com\\\/ger\\\/?s={search_term_string}\"},\"query-input\":{\"@type\":\"PropertyValueSpecification\",\"valueRequired\":true,\"valueName\":\"search_term_string\"}}],\"inLanguage\":\"de\"}]}<\/script>\n<!-- \/ Yoast SEO Premium plugin. -->","yoast_head_json":{"title":"Guarantee - NeilMed Pharmaceuticals - Germany","description":"NeilMed&reg; 90 day money back guarantee. Please return the product within 90 days of purchase and we will refund the billed amount...","robots":{"index":"index","follow":"follow","max-snippet":"max-snippet:-1","max-image-preview":"max-image-preview:large","max-video-preview":"max-video-preview:-1"},"canonical":"https:\/\/www.neilmed.com\/ger\/guarantee\/","og_locale":"de_DE","og_type":"article","og_title":"Guarantee","og_description":"NeilMed&reg; 90 day money back guarantee. Please return the product within 90 days of purchase and we will refund the billed amount...","og_url":"https:\/\/www.neilmed.com\/ger\/guarantee\/","og_site_name":"NeilMed Pharmaceuticals - Germany","article_modified_time":"2026-03-19T20:46:32+00:00","og_image":[{"width":2560,"height":896,"url":"https:\/\/www.neilmed.com\/ger\/wp-content\/uploads\/sites\/10\/2022\/03\/doctors-scaled.jpeg","type":"image\/jpeg"}],"twitter_card":"summary_large_image","twitter_misc":{"Gesch\u00e4tzte Lesezeit":"1\u00a0Minute"},"schema":{"@context":"https:\/\/schema.org","@graph":[{"@type":"WebPage","@id":"https:\/\/www.neilmed.com\/ger\/guarantee\/","url":"https:\/\/www.neilmed.com\/ger\/guarantee\/","name":"Guarantee - NeilMed Pharmaceuticals - Germany","isPartOf":{"@id":"https:\/\/www.neilmed.com\/ger\/#website"},"primaryImageOfPage":{"@id":"https:\/\/www.neilmed.com\/ger\/guarantee\/#primaryimage"},"image":{"@id":"https:\/\/www.neilmed.com\/ger\/guarantee\/#primaryimage"},"thumbnailUrl":"https:\/\/www.neilmed.com\/ger\/wp-content\/uploads\/sites\/10\/2022\/03\/doctors-scaled.jpeg","datePublished":"2022-02-17T13:47:53+00:00","dateModified":"2026-03-19T20:46:32+00:00","description":"NeilMed&reg; 90 day money back guarantee. Please return the product within 90 days of purchase and we will refund the billed amount...","breadcrumb":{"@id":"https:\/\/www.neilmed.com\/ger\/guarantee\/#breadcrumb"},"inLanguage":"de","potentialAction":[{"@type":"ReadAction","target":["https:\/\/www.neilmed.com\/ger\/guarantee\/"]}]},{"@type":"ImageObject","inLanguage":"de","@id":"https:\/\/www.neilmed.com\/ger\/guarantee\/#primaryimage","url":"https:\/\/www.neilmed.com\/ger\/wp-content\/uploads\/sites\/10\/2022\/03\/doctors-scaled.jpeg","contentUrl":"https:\/\/www.neilmed.com\/ger\/wp-content\/uploads\/sites\/10\/2022\/03\/doctors-scaled.jpeg","width":2560,"height":896,"caption":"Doctors"},{"@type":"BreadcrumbList","@id":"https:\/\/www.neilmed.com\/ger\/guarantee\/#breadcrumb","itemListElement":[{"@type":"ListItem","position":1,"name":"Home","item":"https:\/\/www.neilmed.com\/ger\/"},{"@type":"ListItem","position":2,"name":"Guarantee"}]},{"@type":"WebSite","@id":"https:\/\/www.neilmed.com\/ger\/#website","url":"https:\/\/www.neilmed.com\/ger\/","name":"NeilMed Pharmaceuticals - Germany","description":"NeilMed Pharmaceuticals: world leader in nasal saline irrigation system | Sinus Rinse | Neti Pot | Nasal Irrigation","potentialAction":[{"@type":"SearchAction","target":{"@type":"EntryPoint","urlTemplate":"https:\/\/www.neilmed.com\/ger\/?s={search_term_string}"},"query-input":{"@type":"PropertyValueSpecification","valueRequired":true,"valueName":"search_term_string"}}],"inLanguage":"de"}]}},"acf":[],"_links":{"self":[{"href":"https:\/\/www.neilmed.com\/ger\/wp-json\/wp\/v2\/pages\/200","targetHints":{"allow":["GET"]}}],"collection":[{"href":"https:\/\/www.neilmed.com\/ger\/wp-json\/wp\/v2\/pages"}],"about":[{"href":"https:\/\/www.neilmed.com\/ger\/wp-json\/wp\/v2\/types\/page"}],"author":[{"embeddable":true,"href":"https:\/\/www.neilmed.com\/ger\/wp-json\/wp\/v2\/users\/1"}],"replies":[{"embeddable":true,"href":"https:\/\/www.neilmed.com\/ger\/wp-json\/wp\/v2\/comments?post=200"}],"version-history":[{"count":3,"href":"https:\/\/www.neilmed.com\/ger\/wp-json\/wp\/v2\/pages\/200\/revisions"}],"predecessor-version":[{"id":5205,"href":"https:\/\/www.neilmed.com\/ger\/wp-json\/wp\/v2\/pages\/200\/revisions\/5205"}],"wp:featuredmedia":[{"embeddable":true,"href":"https:\/\/www.neilmed.com\/ger\/wp-json\/wp\/v2\/media\/1490"}],"wp:attachment":[{"href":"https:\/\/www.neilmed.com\/ger\/wp-json\/wp\/v2\/media?parent=200"}],"wp:term":[{"taxonomy":"category","embeddable":true,"href":"https:\/\/www.neilmed.com\/ger\/wp-json\/wp\/v2\/categories?post=200"},{"taxonomy":"post_tag","embeddable":true,"href":"https:\/\/www.neilmed.com\/ger\/wp-json\/wp\/v2\/tags?post=200"}],"curies":[{"name":"wp","href":"https:\/\/api.w.org\/{rel}","templated":true}]}}