{"id":4878,"date":"2025-02-19T21:23:25","date_gmt":"2025-02-19T20:23:25","guid":{"rendered":"https:\/\/www.neilmed.com\/ger\/?page_id=4878"},"modified":"2025-02-19T23:46:57","modified_gmt":"2025-02-19T22:46:57","slug":"sinus-rinse-kids-nasenspuelsalz","status":"publish","type":"page","link":"https:\/\/www.neilmed.com\/ger\/sinus-rinse-kids-nasenspuelsalz\/","title":{"rendered":"Sinus Rinse\u00ae Kids Nasensp\u00fclsalz"},"content":{"rendered":"\n<h1>\n\t\tNeilMed\u00ae Sinus Rinse\u00ae Kids Nasensp\u00fclsalz &#8211; Das nat\u00fcrliche &#038; schonende Salz f\u00fcr die empfindliche Schleimhaut der ganz Kleinen!\n\t<\/h1>\n\t\t\t\t<a href=\"https:\/\/www.neilmed.com\/ger\/wp-content\/uploads\/sites\/10\/2025\/02\/PP-ENG_INTL_576x.webp\"  target=\"_self\" itemprop=\"url\">\n\t\t\t\t<img loading=\"lazy\" decoding=\"async\" src=\"https:\/\/www.neilmed.com\/ger\/wp-content\/uploads\/sites\/10\/2025\/02\/PP-ENG_INTL_576x-300x300.webp\" alt=\"PP-ENG_INTL_576x\" itemprop=\"image\" height=\"300\" width=\"300\" title=\"PP-ENG_INTL_576x\" onerror=\"this.style.display='none'\"  \/>\n\t\t\t\t<\/a>\n\t<p><strong>Inhaltsstoffe:<\/strong><\/p>\n<p>Das Sinus Rinse\u00ae Nasensp\u00fclsalz f\u00fcr Kleinkinder besteht aus reinem Natriumchlorid und Natriumbicarbonat und wurde speziell f\u00fcr die empfindliche Kinder-Nase entwickelt. Die pH-neutrale L\u00f6sung befeuchtet und schont die Nasenschleimh\u00e4ute, ohne sie zu reizen. Es l\u00f6st sich schnell auf und sorgt f\u00fcr eine angenehme Anwendung. So k\u00f6nnen Schleim, Pollen und Reizstoffe sanft entfernt werden, was die Nasenatmung bei Kleinkindern mit Erk\u00e4ltungen, Allergien oder verstopfter Nase erleichtert und f\u00fcr mehr Wohlbefinden sorgt.<\/p>\n<p>Die Packung enth\u00e4lt 120 Beutel Nasensp\u00fclsalz f\u00fcr Kinder.<\/p>\n<p>Finden Sie das schonende Nasensp\u00fclsalz f\u00fcr Ihre Kleinen in unserem <a href=\"https:\/\/shopeu.neilmed.com\/products\/sinus-rinse-pediatric-packets\">Shop<\/a>.<\/p>\n\t<p><strong>Die Vorteile:<\/strong><\/p>\n<ul>\n<li>pH-neutral &amp; sanft &#8211; Schont und befeuchtet die empfindliche Schleimhaut von Kleinkindern ohne Reizungen<\/li>\n<li>Isotonische L\u00f6sung (0,9%) &#8211; Optimale und auf Kleinkinder angepasste Salzkonzentration f\u00fcr eine sanfte und angenehme Nasensp\u00fclung<\/li>\n<li>Reine Inhaltsstoffe &#8211; Besteht aus Natriumchlorid und Natriumbicarbonat, ohne Zusatzstoffe<\/li>\n<li>Feine K\u00f6rnung &#8211; L\u00f6st sich schnell und vollst\u00e4ndig in Wasser auf<\/li>\n<li>F\u00fcr die einfache &amp; t\u00e4gliche Anwendung mit der Sinus Rinse\u00ae Kids Nasensp\u00fclung<\/li>\n<\/ul>\n\t<p><strong>Empfehlungen bei:<\/strong><\/p>\n<ul>\n<li>Chronischen Entz\u00fcndungen der Nase und Nasennebenh\u00f6hlen<\/li>\n<li>Akuten, unkomplizierten Infektionen der oberen Atemwege<\/li>\n<li>Postoperativer Nachsorge im Bereich der Nase und Nasennebenh\u00f6hlen<\/li>\n<li>Akuten und chronischen Entz\u00fcndungen im Nasenraum mit erh\u00f6hter Schleimbildung und Schleimhautschwellung<\/li>\n<li>Nasenausfluss und verstopfter Nase, um die Atemwege zu befreien und das Atmen zu erleichtern<\/li>\n<\/ul>\n\n","protected":false},"excerpt":{"rendered":"<p>NeilMed\u00ae Sinus Rinse\u00ae Kids Nasensp\u00fclsalz &#8211; Das nat\u00fcrliche &#038; schonende Salz f\u00fcr die empfindliche Schleimhaut der ganz Kleinen! Inhaltsstoffe: Das Sinus Rinse\u00ae Nasensp\u00fclsalz f\u00fcr Kleinkinder besteht aus reinem Natriumchlorid und Natriumbicarbonat und wurde speziell f\u00fcr die empfindliche Kinder-Nase entwickelt. Die pH-neutrale L\u00f6sung befeuchtet und schont die Nasenschleimh\u00e4ute, ohne sie zu reizen. Es l\u00f6st sich schnell&hellip;<\/p>\n","protected":false},"author":1,"featured_media":0,"parent":0,"menu_order":0,"comment_status":"closed","ping_status":"closed","template":"","meta":{"_acf_changed":false,"inline_featured_image":false,"footnotes":""},"categories":[],"tags":[],"class_list":["post-4878","page","type-page","status-publish","hentry"],"yoast_head":"<!-- This site is optimized with the Yoast SEO Premium plugin v27.2 (Yoast SEO v27.3) - https:\/\/yoast.com\/product\/yoast-seo-premium-wordpress\/ -->\n<title>Sinus Rinse\u00ae Kids Nasensp\u00fclsalz - NeilMed Pharmaceuticals - Germany<\/title>\n<meta name=\"robots\" content=\"index, follow, max-snippet:-1, max-image-preview:large, max-video-preview:-1\" \/>\n<link rel=\"canonical\" href=\"https:\/\/www.neilmed.com\/ger\/sinus-rinse-kids-nasenspuelsalz\/\" \/>\n<meta property=\"og:locale\" content=\"de_DE\" \/>\n<meta property=\"og:type\" content=\"article\" \/>\n<meta property=\"og:title\" content=\"Sinus Rinse\u00ae Kids Nasensp\u00fclsalz\" \/>\n<meta property=\"og:description\" content=\"NeilMed\u00ae Sinus Rinse\u00ae Kids Nasensp\u00fclsalz &#8211; Das nat\u00fcrliche &#038; schonende Salz f\u00fcr die empfindliche Schleimhaut der ganz Kleinen! Inhaltsstoffe: Das Sinus Rinse\u00ae Nasensp\u00fclsalz f\u00fcr Kleinkinder besteht aus reinem Natriumchlorid und Natriumbicarbonat und wurde speziell f\u00fcr die empfindliche Kinder-Nase entwickelt. Die pH-neutrale L\u00f6sung befeuchtet und schont die Nasenschleimh\u00e4ute, ohne sie zu reizen. Es l\u00f6st sich schnell&hellip;\" \/>\n<meta property=\"og:url\" content=\"https:\/\/www.neilmed.com\/ger\/sinus-rinse-kids-nasenspuelsalz\/\" \/>\n<meta property=\"og:site_name\" content=\"NeilMed Pharmaceuticals - Germany\" \/>\n<meta property=\"article:modified_time\" content=\"2025-02-19T22:46:57+00:00\" \/>\n<meta property=\"og:image\" content=\"https:\/\/www.neilmed.com\/ger\/wp-content\/uploads\/sites\/10\/2025\/02\/PP-ENG_INTL_576x-300x300.webp\" \/>\n<meta name=\"twitter:card\" content=\"summary_large_image\" \/>\n<script type=\"application\/ld+json\" class=\"yoast-schema-graph\">{\"@context\":\"https:\\\/\\\/schema.org\",\"@graph\":[{\"@type\":\"WebPage\",\"@id\":\"https:\\\/\\\/www.neilmed.com\\\/ger\\\/sinus-rinse-kids-nasenspuelsalz\\\/\",\"url\":\"https:\\\/\\\/www.neilmed.com\\\/ger\\\/sinus-rinse-kids-nasenspuelsalz\\\/\",\"name\":\"Sinus Rinse\u00ae Kids Nasensp\u00fclsalz - NeilMed Pharmaceuticals - Germany\",\"isPartOf\":{\"@id\":\"https:\\\/\\\/www.neilmed.com\\\/ger\\\/#website\"},\"primaryImageOfPage\":{\"@id\":\"https:\\\/\\\/www.neilmed.com\\\/ger\\\/sinus-rinse-kids-nasenspuelsalz\\\/#primaryimage\"},\"image\":{\"@id\":\"https:\\\/\\\/www.neilmed.com\\\/ger\\\/sinus-rinse-kids-nasenspuelsalz\\\/#primaryimage\"},\"thumbnailUrl\":\"https:\\\/\\\/www.neilmed.com\\\/ger\\\/wp-content\\\/uploads\\\/sites\\\/10\\\/2025\\\/02\\\/PP-ENG_INTL_576x-300x300.webp\",\"datePublished\":\"2025-02-19T20:23:25+00:00\",\"dateModified\":\"2025-02-19T22:46:57+00:00\",\"breadcrumb\":{\"@id\":\"https:\\\/\\\/www.neilmed.com\\\/ger\\\/sinus-rinse-kids-nasenspuelsalz\\\/#breadcrumb\"},\"inLanguage\":\"de\",\"potentialAction\":[{\"@type\":\"ReadAction\",\"target\":[\"https:\\\/\\\/www.neilmed.com\\\/ger\\\/sinus-rinse-kids-nasenspuelsalz\\\/\"]}]},{\"@type\":\"ImageObject\",\"inLanguage\":\"de\",\"@id\":\"https:\\\/\\\/www.neilmed.com\\\/ger\\\/sinus-rinse-kids-nasenspuelsalz\\\/#primaryimage\",\"url\":\"https:\\\/\\\/www.neilmed.com\\\/ger\\\/wp-content\\\/uploads\\\/sites\\\/10\\\/2025\\\/02\\\/PP-ENG_INTL_576x-300x300.webp\",\"contentUrl\":\"https:\\\/\\\/www.neilmed.com\\\/ger\\\/wp-content\\\/uploads\\\/sites\\\/10\\\/2025\\\/02\\\/PP-ENG_INTL_576x-300x300.webp\"},{\"@type\":\"BreadcrumbList\",\"@id\":\"https:\\\/\\\/www.neilmed.com\\\/ger\\\/sinus-rinse-kids-nasenspuelsalz\\\/#breadcrumb\",\"itemListElement\":[{\"@type\":\"ListItem\",\"position\":1,\"name\":\"Home\",\"item\":\"https:\\\/\\\/www.neilmed.com\\\/ger\\\/\"},{\"@type\":\"ListItem\",\"position\":2,\"name\":\"Sinus Rinse\u00ae Kids Nasensp\u00fclsalz\"}]},{\"@type\":\"WebSite\",\"@id\":\"https:\\\/\\\/www.neilmed.com\\\/ger\\\/#website\",\"url\":\"https:\\\/\\\/www.neilmed.com\\\/ger\\\/\",\"name\":\"NeilMed Pharmaceuticals - Germany\",\"description\":\"NeilMed Pharmaceuticals: world leader in nasal saline irrigation system | Sinus Rinse | Neti Pot | Nasal Irrigation\",\"potentialAction\":[{\"@type\":\"SearchAction\",\"target\":{\"@type\":\"EntryPoint\",\"urlTemplate\":\"https:\\\/\\\/www.neilmed.com\\\/ger\\\/?s={search_term_string}\"},\"query-input\":{\"@type\":\"PropertyValueSpecification\",\"valueRequired\":true,\"valueName\":\"search_term_string\"}}],\"inLanguage\":\"de\"}]}<\/script>\n<!-- \/ Yoast SEO Premium plugin. -->","yoast_head_json":{"title":"Sinus Rinse\u00ae Kids Nasensp\u00fclsalz - NeilMed Pharmaceuticals - Germany","robots":{"index":"index","follow":"follow","max-snippet":"max-snippet:-1","max-image-preview":"max-image-preview:large","max-video-preview":"max-video-preview:-1"},"canonical":"https:\/\/www.neilmed.com\/ger\/sinus-rinse-kids-nasenspuelsalz\/","og_locale":"de_DE","og_type":"article","og_title":"Sinus Rinse\u00ae Kids Nasensp\u00fclsalz","og_description":"NeilMed\u00ae Sinus Rinse\u00ae Kids Nasensp\u00fclsalz &#8211; Das nat\u00fcrliche &#038; schonende Salz f\u00fcr die empfindliche Schleimhaut der ganz Kleinen! Inhaltsstoffe: Das Sinus Rinse\u00ae Nasensp\u00fclsalz f\u00fcr Kleinkinder besteht aus reinem Natriumchlorid und Natriumbicarbonat und wurde speziell f\u00fcr die empfindliche Kinder-Nase entwickelt. Die pH-neutrale L\u00f6sung befeuchtet und schont die Nasenschleimh\u00e4ute, ohne sie zu reizen. Es l\u00f6st sich schnell&hellip;","og_url":"https:\/\/www.neilmed.com\/ger\/sinus-rinse-kids-nasenspuelsalz\/","og_site_name":"NeilMed Pharmaceuticals - Germany","article_modified_time":"2025-02-19T22:46:57+00:00","og_image":[{"url":"https:\/\/www.neilmed.com\/ger\/wp-content\/uploads\/sites\/10\/2025\/02\/PP-ENG_INTL_576x-300x300.webp","type":"","width":"","height":""}],"twitter_card":"summary_large_image","schema":{"@context":"https:\/\/schema.org","@graph":[{"@type":"WebPage","@id":"https:\/\/www.neilmed.com\/ger\/sinus-rinse-kids-nasenspuelsalz\/","url":"https:\/\/www.neilmed.com\/ger\/sinus-rinse-kids-nasenspuelsalz\/","name":"Sinus Rinse\u00ae Kids Nasensp\u00fclsalz - NeilMed Pharmaceuticals - Germany","isPartOf":{"@id":"https:\/\/www.neilmed.com\/ger\/#website"},"primaryImageOfPage":{"@id":"https:\/\/www.neilmed.com\/ger\/sinus-rinse-kids-nasenspuelsalz\/#primaryimage"},"image":{"@id":"https:\/\/www.neilmed.com\/ger\/sinus-rinse-kids-nasenspuelsalz\/#primaryimage"},"thumbnailUrl":"https:\/\/www.neilmed.com\/ger\/wp-content\/uploads\/sites\/10\/2025\/02\/PP-ENG_INTL_576x-300x300.webp","datePublished":"2025-02-19T20:23:25+00:00","dateModified":"2025-02-19T22:46:57+00:00","breadcrumb":{"@id":"https:\/\/www.neilmed.com\/ger\/sinus-rinse-kids-nasenspuelsalz\/#breadcrumb"},"inLanguage":"de","potentialAction":[{"@type":"ReadAction","target":["https:\/\/www.neilmed.com\/ger\/sinus-rinse-kids-nasenspuelsalz\/"]}]},{"@type":"ImageObject","inLanguage":"de","@id":"https:\/\/www.neilmed.com\/ger\/sinus-rinse-kids-nasenspuelsalz\/#primaryimage","url":"https:\/\/www.neilmed.com\/ger\/wp-content\/uploads\/sites\/10\/2025\/02\/PP-ENG_INTL_576x-300x300.webp","contentUrl":"https:\/\/www.neilmed.com\/ger\/wp-content\/uploads\/sites\/10\/2025\/02\/PP-ENG_INTL_576x-300x300.webp"},{"@type":"BreadcrumbList","@id":"https:\/\/www.neilmed.com\/ger\/sinus-rinse-kids-nasenspuelsalz\/#breadcrumb","itemListElement":[{"@type":"ListItem","position":1,"name":"Home","item":"https:\/\/www.neilmed.com\/ger\/"},{"@type":"ListItem","position":2,"name":"Sinus Rinse\u00ae Kids Nasensp\u00fclsalz"}]},{"@type":"WebSite","@id":"https:\/\/www.neilmed.com\/ger\/#website","url":"https:\/\/www.neilmed.com\/ger\/","name":"NeilMed Pharmaceuticals - Germany","description":"NeilMed Pharmaceuticals: world leader in nasal saline irrigation system | Sinus Rinse | Neti Pot | Nasal Irrigation","potentialAction":[{"@type":"SearchAction","target":{"@type":"EntryPoint","urlTemplate":"https:\/\/www.neilmed.com\/ger\/?s={search_term_string}"},"query-input":{"@type":"PropertyValueSpecification","valueRequired":true,"valueName":"search_term_string"}}],"inLanguage":"de"}]}},"acf":[],"_links":{"self":[{"href":"https:\/\/www.neilmed.com\/ger\/wp-json\/wp\/v2\/pages\/4878","targetHints":{"allow":["GET"]}}],"collection":[{"href":"https:\/\/www.neilmed.com\/ger\/wp-json\/wp\/v2\/pages"}],"about":[{"href":"https:\/\/www.neilmed.com\/ger\/wp-json\/wp\/v2\/types\/page"}],"author":[{"embeddable":true,"href":"https:\/\/www.neilmed.com\/ger\/wp-json\/wp\/v2\/users\/1"}],"replies":[{"embeddable":true,"href":"https:\/\/www.neilmed.com\/ger\/wp-json\/wp\/v2\/comments?post=4878"}],"version-history":[{"count":5,"href":"https:\/\/www.neilmed.com\/ger\/wp-json\/wp\/v2\/pages\/4878\/revisions"}],"predecessor-version":[{"id":4955,"href":"https:\/\/www.neilmed.com\/ger\/wp-json\/wp\/v2\/pages\/4878\/revisions\/4955"}],"wp:attachment":[{"href":"https:\/\/www.neilmed.com\/ger\/wp-json\/wp\/v2\/media?parent=4878"}],"wp:term":[{"taxonomy":"category","embeddable":true,"href":"https:\/\/www.neilmed.com\/ger\/wp-json\/wp\/v2\/categories?post=4878"},{"taxonomy":"post_tag","embeddable":true,"href":"https:\/\/www.neilmed.com\/ger\/wp-json\/wp\/v2\/tags?post=4878"}],"curies":[{"name":"wp","href":"https:\/\/api.w.org\/{rel}","templated":true}]}}