{"id":192,"date":"2022-02-17T14:46:40","date_gmt":"2022-02-17T22:46:40","guid":{"rendered":"https:\/\/dev.neilmed.com\/pan\/?page_id=192"},"modified":"2022-02-17T14:46:40","modified_gmt":"2022-02-17T22:46:40","slug":"aviso-legal","status":"publish","type":"page","link":"https:\/\/www.neilmed.com\/pan\/aviso-legal\/","title":{"rendered":"Aviso legal"},"content":{"rendered":"\n\n\t<span><span><a href=\"https:\/\/www.neilmed.com\/pan\/\">Home<\/a><\/span><\/span>\n\t<p>Los contenidos del sitio web de NeilMed&reg;, tales como texto, gr\u00e1ficos, im\u00e1genes e informaci\u00f3n obtenida de licenciantes NeilMed&reg;, y otros materiales contenidos en el sitio NeilMed&reg; (&#8220;Contenido&#8221;) son s\u00f3lo para fines informativos. El contenido no pretende ser un sustituto del consejo m\u00e9dico, diagn\u00f3stico o tratamiento. Siempre busque el consejo de su m\u00e9dico u otro proveedor de salud calificado con cualquier pregunta que usted pueda tener sobre una condici\u00f3n m\u00e9dica. Nunca ignore los consejos de un m\u00e9dico profesional o el retraso en la b\u00fasqueda debido a algo que haya le\u00eddo en el sitio NeilMed&reg;.<\/p>\n<p>Si usted cree que tiene una emergencia m\u00e9dica, llame a su m\u00e9dico o acuda a Urgencia M\u00e9dica inmediatamente. Puede tambi\u00e9n llamar a un n\u00famero de tel\u00e9fono de emergencia provisto por su compa\u00f1\u00eda telef\u00f3nica local o agencias gubernamentales. NeilMed&reg; no recomienda ni aprueba ninguna prueba espec\u00edfica, los m\u00e9dicos, productos, procedimientos, opiniones u otra informaci\u00f3n que pueda ser mencionada en el sitio. Confiar en cualquier informaci\u00f3n proporcionada por NeilMed&reg;, empleados NeilMed&reg;, u otros empleados que aparecen en el sitio por invitaci\u00f3n de NeilMed&reg; o otros visitantes del sitio es solamente a su propio riesgo.<\/p>\n\t\t\t\t<img decoding=\"async\" src=\"https:\/\/www.neilmed.com\/pan\/wp-content\/uploads\/sites\/23\/2022\/03\/neilmed-tagline.svg\" alt=\"NeilMed&reg; - World Leader in Large Volume &amp; Low Pressure&trade; Saline Nasal Irrigation\" title=\"neilmed-tagline\" \/>\n\t\t<h3>Respira f\u00e1cilmente y vuelve a sentir esa agradable sensaci\u00f3n de nariz &#8220;despejada&#8221;<\/h3>\n\t\t\t<a href=\"https:\/\/webstore.neilmed.com\/cr\/\" target=\"_self\" role=\"button\" rel=\"noopener\">\n\t\t\t\t\t\t\tOrdene Ahora\n\t\t\t<\/a>\n\t\t\t\t<img decoding=\"async\" src=\"https:\/\/www.neilmed.com\/pan\/wp-content\/uploads\/sites\/23\/2022\/04\/mail-icon-newsletter.svg\" alt=\"mail-icon-newsletter\" title=\"mail-icon-newsletter\" \/>\n\t<p>En la lista de correos NeilMed para estar al dia en Literatura Medica y Ofertas Promocionales<\/p>\n\t\n          \n      <button type=\"submit\" name=\"commit\" id=\"Subscribe\">\n        Subscribe\n        Go\n      <\/button>\n\n","protected":false},"excerpt":{"rendered":"<p>Los contenidos del sitio web de NeilMed&reg;, tales como texto, gr\u00e1ficos, im\u00e1genes e informaci\u00f3n obtenida de licenciantes NeilMed&reg;, y otros materiales contenidos en el sitio NeilMed&reg; (&#8220;Contenido&#8221;) son s\u00f3lo para fines informativos. El contenido no pretende ser un sustituto del consejo m\u00e9dico, diagn\u00f3stico o tratamiento. Siempre busque el consejo de su m\u00e9dico u otro proveedor&hellip;<\/p>\n","protected":false},"author":1,"featured_media":0,"parent":0,"menu_order":15,"comment_status":"closed","ping_status":"closed","template":"","meta":{"_acf_changed":false,"inline_featured_image":false,"footnotes":""},"categories":[],"tags":[],"class_list":["post-192","page","type-page","status-publish","hentry"],"yoast_head":"<!-- This site is optimized with the Yoast SEO Premium plugin v27.2 (Yoast SEO v27.3) - https:\/\/yoast.com\/product\/yoast-seo-premium-wordpress\/ -->\n<title>Aviso legal - NeilMed Pharmaceuticals - Panama<\/title>\n<meta name=\"description\" content=\"View our NeilMed&reg; Aviso lega\" \/>\n<meta name=\"robots\" content=\"index, follow, max-snippet:-1, max-image-preview:large, max-video-preview:-1\" \/>\n<link rel=\"canonical\" href=\"https:\/\/www.neilmed.com\/pan\/aviso-legal\/\" \/>\n<meta property=\"og:locale\" content=\"es_ES\" \/>\n<meta property=\"og:type\" content=\"article\" \/>\n<meta property=\"og:title\" content=\"Aviso legal\" \/>\n<meta property=\"og:description\" content=\"View our NeilMed&reg; Aviso lega\" \/>\n<meta property=\"og:url\" content=\"https:\/\/www.neilmed.com\/pan\/aviso-legal\/\" \/>\n<meta property=\"og:site_name\" content=\"NeilMed Pharmaceuticals - Panama\" \/>\n<meta property=\"og:image\" content=\"https:\/\/www.neilmed.com\/pan\/wp-content\/uploads\/sites\/23\/2022\/03\/neilmed-tagline.svg\" \/>\n<meta name=\"twitter:card\" content=\"summary_large_image\" \/>\n<meta name=\"twitter:label1\" content=\"Tiempo estimado de lectura\" \/>\n\t<meta name=\"twitter:data1\" content=\"1 minuto\" \/>\n<script type=\"application\/ld+json\" class=\"yoast-schema-graph\">{\"@context\":\"https:\\\/\\\/schema.org\",\"@graph\":[{\"@type\":\"WebPage\",\"@id\":\"https:\\\/\\\/www.neilmed.com\\\/pan\\\/aviso-legal\\\/\",\"url\":\"https:\\\/\\\/www.neilmed.com\\\/pan\\\/aviso-legal\\\/\",\"name\":\"Aviso legal - NeilMed Pharmaceuticals - Panama\",\"isPartOf\":{\"@id\":\"https:\\\/\\\/www.neilmed.com\\\/pan\\\/#website\"},\"primaryImageOfPage\":{\"@id\":\"https:\\\/\\\/www.neilmed.com\\\/pan\\\/aviso-legal\\\/#primaryimage\"},\"image\":{\"@id\":\"https:\\\/\\\/www.neilmed.com\\\/pan\\\/aviso-legal\\\/#primaryimage\"},\"thumbnailUrl\":\"https:\\\/\\\/www.neilmed.com\\\/pan\\\/wp-content\\\/uploads\\\/sites\\\/23\\\/2022\\\/03\\\/neilmed-tagline.svg\",\"datePublished\":\"2022-02-17T22:46:40+00:00\",\"description\":\"View our NeilMed&reg; Aviso lega\",\"breadcrumb\":{\"@id\":\"https:\\\/\\\/www.neilmed.com\\\/pan\\\/aviso-legal\\\/#breadcrumb\"},\"inLanguage\":\"es-CL\",\"potentialAction\":[{\"@type\":\"ReadAction\",\"target\":[\"https:\\\/\\\/www.neilmed.com\\\/pan\\\/aviso-legal\\\/\"]}]},{\"@type\":\"ImageObject\",\"inLanguage\":\"es-CL\",\"@id\":\"https:\\\/\\\/www.neilmed.com\\\/pan\\\/aviso-legal\\\/#primaryimage\",\"url\":\"https:\\\/\\\/www.neilmed.com\\\/pan\\\/wp-content\\\/uploads\\\/sites\\\/23\\\/2022\\\/03\\\/neilmed-tagline.svg\",\"contentUrl\":\"https:\\\/\\\/www.neilmed.com\\\/pan\\\/wp-content\\\/uploads\\\/sites\\\/23\\\/2022\\\/03\\\/neilmed-tagline.svg\"},{\"@type\":\"BreadcrumbList\",\"@id\":\"https:\\\/\\\/www.neilmed.com\\\/pan\\\/aviso-legal\\\/#breadcrumb\",\"itemListElement\":[{\"@type\":\"ListItem\",\"position\":1,\"name\":\"Home\",\"item\":\"https:\\\/\\\/www.neilmed.com\\\/pan\\\/\"},{\"@type\":\"ListItem\",\"position\":2,\"name\":\"Aviso legal\"}]},{\"@type\":\"WebSite\",\"@id\":\"https:\\\/\\\/www.neilmed.com\\\/pan\\\/#website\",\"url\":\"https:\\\/\\\/www.neilmed.com\\\/pan\\\/\",\"name\":\"NeilMed Pharmaceuticals - Panama\",\"description\":\"NeilMed Pharmaceuticals: world leader in nasal saline irrigation system | Sinus Rinse | Neti Pot | Nasal Irrigation\",\"potentialAction\":[{\"@type\":\"SearchAction\",\"target\":{\"@type\":\"EntryPoint\",\"urlTemplate\":\"https:\\\/\\\/www.neilmed.com\\\/pan\\\/?s={search_term_string}\"},\"query-input\":{\"@type\":\"PropertyValueSpecification\",\"valueRequired\":true,\"valueName\":\"search_term_string\"}}],\"inLanguage\":\"es-CL\"}]}<\/script>\n<!-- \/ Yoast SEO Premium plugin. -->","yoast_head_json":{"title":"Aviso legal - NeilMed Pharmaceuticals - Panama","description":"View our NeilMed&reg; Aviso lega","robots":{"index":"index","follow":"follow","max-snippet":"max-snippet:-1","max-image-preview":"max-image-preview:large","max-video-preview":"max-video-preview:-1"},"canonical":"https:\/\/www.neilmed.com\/pan\/aviso-legal\/","og_locale":"es_ES","og_type":"article","og_title":"Aviso legal","og_description":"View our NeilMed&reg; Aviso lega","og_url":"https:\/\/www.neilmed.com\/pan\/aviso-legal\/","og_site_name":"NeilMed Pharmaceuticals - Panama","og_image":[{"url":"https:\/\/www.neilmed.com\/pan\/wp-content\/uploads\/sites\/23\/2022\/03\/neilmed-tagline.svg","type":"","width":"","height":""}],"twitter_card":"summary_large_image","twitter_misc":{"Tiempo estimado de lectura":"1 minuto"},"schema":{"@context":"https:\/\/schema.org","@graph":[{"@type":"WebPage","@id":"https:\/\/www.neilmed.com\/pan\/aviso-legal\/","url":"https:\/\/www.neilmed.com\/pan\/aviso-legal\/","name":"Aviso legal - NeilMed Pharmaceuticals - Panama","isPartOf":{"@id":"https:\/\/www.neilmed.com\/pan\/#website"},"primaryImageOfPage":{"@id":"https:\/\/www.neilmed.com\/pan\/aviso-legal\/#primaryimage"},"image":{"@id":"https:\/\/www.neilmed.com\/pan\/aviso-legal\/#primaryimage"},"thumbnailUrl":"https:\/\/www.neilmed.com\/pan\/wp-content\/uploads\/sites\/23\/2022\/03\/neilmed-tagline.svg","datePublished":"2022-02-17T22:46:40+00:00","description":"View our NeilMed&reg; Aviso lega","breadcrumb":{"@id":"https:\/\/www.neilmed.com\/pan\/aviso-legal\/#breadcrumb"},"inLanguage":"es-CL","potentialAction":[{"@type":"ReadAction","target":["https:\/\/www.neilmed.com\/pan\/aviso-legal\/"]}]},{"@type":"ImageObject","inLanguage":"es-CL","@id":"https:\/\/www.neilmed.com\/pan\/aviso-legal\/#primaryimage","url":"https:\/\/www.neilmed.com\/pan\/wp-content\/uploads\/sites\/23\/2022\/03\/neilmed-tagline.svg","contentUrl":"https:\/\/www.neilmed.com\/pan\/wp-content\/uploads\/sites\/23\/2022\/03\/neilmed-tagline.svg"},{"@type":"BreadcrumbList","@id":"https:\/\/www.neilmed.com\/pan\/aviso-legal\/#breadcrumb","itemListElement":[{"@type":"ListItem","position":1,"name":"Home","item":"https:\/\/www.neilmed.com\/pan\/"},{"@type":"ListItem","position":2,"name":"Aviso legal"}]},{"@type":"WebSite","@id":"https:\/\/www.neilmed.com\/pan\/#website","url":"https:\/\/www.neilmed.com\/pan\/","name":"NeilMed Pharmaceuticals - Panama","description":"NeilMed Pharmaceuticals: world leader in nasal saline irrigation system | Sinus Rinse | Neti Pot | Nasal Irrigation","potentialAction":[{"@type":"SearchAction","target":{"@type":"EntryPoint","urlTemplate":"https:\/\/www.neilmed.com\/pan\/?s={search_term_string}"},"query-input":{"@type":"PropertyValueSpecification","valueRequired":true,"valueName":"search_term_string"}}],"inLanguage":"es-CL"}]}},"acf":[],"_links":{"self":[{"href":"https:\/\/www.neilmed.com\/pan\/wp-json\/wp\/v2\/pages\/192","targetHints":{"allow":["GET"]}}],"collection":[{"href":"https:\/\/www.neilmed.com\/pan\/wp-json\/wp\/v2\/pages"}],"about":[{"href":"https:\/\/www.neilmed.com\/pan\/wp-json\/wp\/v2\/types\/page"}],"author":[{"embeddable":true,"href":"https:\/\/www.neilmed.com\/pan\/wp-json\/wp\/v2\/users\/1"}],"replies":[{"embeddable":true,"href":"https:\/\/www.neilmed.com\/pan\/wp-json\/wp\/v2\/comments?post=192"}],"version-history":[{"count":0,"href":"https:\/\/www.neilmed.com\/pan\/wp-json\/wp\/v2\/pages\/192\/revisions"}],"wp:attachment":[{"href":"https:\/\/www.neilmed.com\/pan\/wp-json\/wp\/v2\/media?parent=192"}],"wp:term":[{"taxonomy":"category","embeddable":true,"href":"https:\/\/www.neilmed.com\/pan\/wp-json\/wp\/v2\/categories?post=192"},{"taxonomy":"post_tag","embeddable":true,"href":"https:\/\/www.neilmed.com\/pan\/wp-json\/wp\/v2\/tags?post=192"}],"curies":[{"name":"wp","href":"https:\/\/api.w.org\/{rel}","templated":true}]}}