{"id":5697,"date":"2018-05-31T17:13:34","date_gmt":"2018-06-01T00:13:34","guid":{"rendered":"https:\/\/webstore.neilmed.com\/cr\/?post_type=product&#038;p=5697"},"modified":"2025-07-17T15:48:43","modified_gmt":"2025-07-17T22:48:43","slug":"nasamist-todo-en-uno-177-ml","status":"publish","type":"product","link":"https:\/\/www.neilmed.com\/pan\/product\/nasamist-todo-en-uno-177-ml\/","title":{"rendered":"NasaMist Todo en Uno 177-ml"},"content":{"rendered":"<p>NasaMist\u00ae All-In-One es un hidratante y enjuague nasal salino Todo-en-uno. Calma, hidrata y limpia haciendo uso de tres boquillas especialmente dise\u00f1adas.<\/p>\n<p><b>Boquilla de niebla nasal ultra suave para hidratar:<\/b> Puede ser usada a partir desde 1 a\u00f1o de edad para hidratar y calmar las fosas nasales secas. Inserte la boquilla de niebla nasal ultra suave a las fosas, y presione hasta alcanzar un adecuado spray salino<br \/>\n<b>Boquilla Mediana:<\/b> Esta boquilla puede ser usada a partir desde los 5 a\u00f1os de edad. Descargar\u00e1 un volumen mediano que puede llegar a m\u00e1s profundidad en las fosas nasales.<br \/>\n<b>Boquilla para lavado nasal de alto volumen:<\/b> Puede ser usada a partir de los 5 a\u00f1os de edad.<\/p>\n<p>NasaMist\u00ae Spray salino ayuda a aliviar&#8230;<br \/>\n* Alergias nasales y sequedad<br \/>\n* Sinusitis rinitis<br \/>\n* Asma al\u00e9rgica<br \/>\n* Post goteo nasal<br \/>\n* Presi\u00f3n sinusal y Congesti\u00f3n nasal<br \/>\n* S\u00edntomas del resfr\u00edo y gripe<br \/>\n* Irritaci\u00f3n nasal ocupacional y polvo de la casa, humo, caspa de los animales, c\u00e9sped, polen, contaminantes ambientales y smog<\/p>\n<p><b>Contiene:<br \/>\n<\/b>* 1 frasco 177-mL (6 fl oz) y 3 boquillas especialmente dise\u00f1adas<br \/>\n* Boquilla de niebla nasal ultra suave; Boquilla mediana; Boquilla para lavado nasal de alto volumen<br \/>\n* Folleto educativo e instrucciones de uso<b><\/b><\/p>\n<p>Instrucciones de Uso &amp; Advertencia<br \/>\nPor favor lea las Advertencias antes de usar. <b><br \/>\n<\/b>USAR S\u00d3LO COMO SE INDICA, SI LOS S\u00cdNTOMAS PERSISTEN VISITE UN M\u00c9DICO O PROFESIONAL DE LA SALUD SIEMPRE LEA LA ETIQUETA<b><\/b><\/p>\n<p>Boquillas dise\u00f1adas especialmente para ofrecer el mejor y m\u00e1s suave spray de hidrataci\u00f3n nasal; un adaptador especial para un lavado nasal de gran volumen; y una mediana para un lavado de mayor flujo. Para ni\u00f1os a partir de 1 a\u00f1o haciendo uso de la boquilla adecuada.<b><\/b><\/p>\n<p>Boquilla de niebla nasal ultra suave: Esta boquilla puede ser usada a partir de 1 a\u00f1o de edad para humectar y suavizar las fosas nasales secos. Inserte la boquilla de niebla nasal ultra suave en las fosas nasales y presione hasta lograr un spray de soluci\u00f3n adecuada<b>.<\/b><\/p>\n<p>Boquilla Mediana: Esta boquilla puede ser utilizada a partir de los 5 a\u00f1os de edad. Esta boquilla descarga un volumen mediano, el cual puede alcanzar mayor profundidad en las fosas nasales.<\/p>\n<p>Boquilla para lavado nasal de alto volumen: Se sugiere usar esta boquilla a partir de los 5 a\u00f1os de edad. Sit\u00fae la boquilla c\u00f3nica para lavado especial, y siga las instrucciones en el siguiente p\u00e1rrafo.<\/p>\n<p>Instrucciones especiales para lavado nasal de gran volumen: P\u00e1rese frente al lavamanos, e incline la cabeza hacia adelante a un nivel que le acomode. Mantenga la boca abierta y sin aguantar la respiraci\u00f3n, sit\u00fae la boquilla del dispositivo contra su pasaje nasal, y apriete la botella hasta que la soluci\u00f3n comience a escurrir a trav\u00e9s de la fosa nasal opuesta o la boca. Permitir que el flujo contin\u00fae durante 2 a 3 segundos. No ingiera la soluci\u00f3n. Suene la nariz suavemente, sin aplastarla completamente, para evitar ejercer presi\u00f3n sobre sus t\u00edmpanos. Si es tolerable, sorber cualquier resto de soluci\u00f3n residual del pasaje nasal una o dos veces antes de sonarse. Esto puede limpiar el \u00e1rea posterior de la nasofaringe, la cual es el \u00e1rea en la parte posterior de su pasaje nasal. A veces, alguna soluci\u00f3n puede alcanzar la parte de atr\u00e1s de su garganta. Si es el caso escupa. Para ayudar a mejorar el drenaje de cualquier soluci\u00f3n residual, suene suavemente la nariz mientras inclina la cabeza hacia un lado. Ahora repita estos pasos para el otro pasaje nasal.<\/p>\n<p><span style=\"color: #ff0000;\"><b>ADVERTENCIAS<\/b><\/span><\/p>\n<p>\u2022 El sistema est\u00e1 dise\u00f1ado para un solo usuario para reducir el riesgo de contaminaci\u00f3n<br \/>\n\u2022 No bloquear completamente u ocluir pasaje nasal durante su uso para evitar cualquier presi\u00f3n en la nariz y los o\u00eddos<br \/>\n\u2022 Mantener fuera del alcance de los ni\u00f1os<br \/>\n\u2022 Contenido bajo presi\u00f3n; por favor no perfore ni incinere<br \/>\n\u2022 Almacenar entre 41\u00b0F (5\u00b0C) y 131\u00b0F (55\u00b0C), fuera de la luz solar, y lejos de fuentes de calor. Evitar la congelaci\u00f3n<br \/>\n\u2022 Consulte a un m\u00e9dico antes de su uso en beb\u00e9s y ni\u00f1os peque\u00f1os<\/p>\n","protected":false},"excerpt":{"rendered":"<p>Nasamist todo en uno es un humectante y enjuague nasal salino Todo-en-uno. Calma, hidrata y limpia haciendo uso de tres boquillas dise\u00f1adas especialmente.<\/p>\n","protected":false},"featured_media":6079,"comment_status":"open","ping_status":"closed","template":"","meta":{"_acf_changed":false,"inline_featured_image":false},"product_brand":[],"product_cat":[51],"product_tag":[],"class_list":{"0":"post-5697","1":"product","2":"type-product","3":"status-publish","4":"has-post-thumbnail","6":"product_cat-spray-solucion-salina-esteril","8":"first","9":"instock","10":"featured","11":"shipping-taxable","12":"purchasable","13":"product-type-simple"},"yoast_head":"<!-- This site is optimized with the Yoast SEO Premium plugin v27.2 (Yoast SEO v27.3) - https:\/\/yoast.com\/product\/yoast-seo-premium-wordpress\/ -->\n<title>NasaMist Todo en Uno 177-ml - NeilMed Pharmaceuticals - Panama<\/title>\n<meta name=\"robots\" content=\"index, follow, max-snippet:-1, max-image-preview:large, max-video-preview:-1\" \/>\n<link rel=\"canonical\" href=\"https:\/\/www.neilmed.com\/pan\/product\/nasamist-todo-en-uno-177-ml\/\" \/>\n<meta property=\"og:locale\" content=\"es_ES\" \/>\n<meta property=\"og:type\" content=\"article\" \/>\n<meta property=\"og:title\" content=\"NasaMist Todo en Uno 177-ml\" \/>\n<meta property=\"og:description\" content=\"Nasamist todo en uno es un humectante y enjuague nasal salino Todo-en-uno. Calma, hidrata y limpia haciendo uso de tres boquillas dise\u00f1adas especialmente.\" \/>\n<meta property=\"og:url\" content=\"https:\/\/www.neilmed.com\/pan\/product\/nasamist-todo-en-uno-177-ml\/\" \/>\n<meta property=\"og:site_name\" content=\"NeilMed Pharmaceuticals - Panama\" \/>\n<meta property=\"article:modified_time\" content=\"2025-07-17T22:48:43+00:00\" \/>\n<meta property=\"og:image\" content=\"https:\/\/www.neilmed.com\/pan\/wp-content\/uploads\/sites\/23\/2024\/12\/2706-SPA-INT-Rev4-R1.jpg\" \/>\n\t<meta property=\"og:image:width\" content=\"1000\" \/>\n\t<meta property=\"og:image:height\" content=\"1000\" \/>\n\t<meta property=\"og:image:type\" content=\"image\/jpeg\" \/>\n<meta name=\"twitter:card\" content=\"summary_large_image\" \/>\n<meta name=\"twitter:label1\" content=\"Tiempo estimado de lectura\" \/>\n\t<meta name=\"twitter:data1\" content=\"4 minutos\" \/>\n<script type=\"application\/ld+json\" class=\"yoast-schema-graph\">{\"@context\":\"https:\\\/\\\/schema.org\",\"@graph\":[{\"@type\":\"WebPage\",\"@id\":\"https:\\\/\\\/www.neilmed.com\\\/pan\\\/product\\\/nasamist-todo-en-uno-177-ml\\\/\",\"url\":\"https:\\\/\\\/www.neilmed.com\\\/pan\\\/product\\\/nasamist-todo-en-uno-177-ml\\\/\",\"name\":\"NasaMist Todo en Uno 177-ml - NeilMed Pharmaceuticals - Panama\",\"isPartOf\":{\"@id\":\"https:\\\/\\\/www.neilmed.com\\\/pan\\\/#website\"},\"primaryImageOfPage\":{\"@id\":\"https:\\\/\\\/www.neilmed.com\\\/pan\\\/product\\\/nasamist-todo-en-uno-177-ml\\\/#primaryimage\"},\"image\":{\"@id\":\"https:\\\/\\\/www.neilmed.com\\\/pan\\\/product\\\/nasamist-todo-en-uno-177-ml\\\/#primaryimage\"},\"thumbnailUrl\":\"https:\\\/\\\/www.neilmed.com\\\/pan\\\/wp-content\\\/uploads\\\/sites\\\/23\\\/2024\\\/12\\\/2706-SPA-INT-Rev4-R1.jpg\",\"datePublished\":\"2018-06-01T00:13:34+00:00\",\"dateModified\":\"2025-07-17T22:48:43+00:00\",\"breadcrumb\":{\"@id\":\"https:\\\/\\\/www.neilmed.com\\\/pan\\\/product\\\/nasamist-todo-en-uno-177-ml\\\/#breadcrumb\"},\"inLanguage\":\"es-CL\",\"potentialAction\":[{\"@type\":\"ReadAction\",\"target\":[\"https:\\\/\\\/www.neilmed.com\\\/pan\\\/product\\\/nasamist-todo-en-uno-177-ml\\\/\"]}]},{\"@type\":\"ImageObject\",\"inLanguage\":\"es-CL\",\"@id\":\"https:\\\/\\\/www.neilmed.com\\\/pan\\\/product\\\/nasamist-todo-en-uno-177-ml\\\/#primaryimage\",\"url\":\"https:\\\/\\\/www.neilmed.com\\\/pan\\\/wp-content\\\/uploads\\\/sites\\\/23\\\/2024\\\/12\\\/2706-SPA-INT-Rev4-R1.jpg\",\"contentUrl\":\"https:\\\/\\\/www.neilmed.com\\\/pan\\\/wp-content\\\/uploads\\\/sites\\\/23\\\/2024\\\/12\\\/2706-SPA-INT-Rev4-R1.jpg\",\"width\":1000,\"height\":1000,\"caption\":\"NasaMist Todo en Uno 177-ml\"},{\"@type\":\"BreadcrumbList\",\"@id\":\"https:\\\/\\\/www.neilmed.com\\\/pan\\\/product\\\/nasamist-todo-en-uno-177-ml\\\/#breadcrumb\",\"itemListElement\":[{\"@type\":\"ListItem\",\"position\":1,\"name\":\"Home\",\"item\":\"https:\\\/\\\/www.neilmed.com\\\/pan\\\/\"},{\"@type\":\"ListItem\",\"position\":2,\"name\":\"Tienda\",\"item\":\"https:\\\/\\\/www.neilmed.com\\\/pan\\\/tienda\\\/\"},{\"@type\":\"ListItem\",\"position\":3,\"name\":\"NasaMist Todo en Uno 177-ml\"}]},{\"@type\":\"WebSite\",\"@id\":\"https:\\\/\\\/www.neilmed.com\\\/pan\\\/#website\",\"url\":\"https:\\\/\\\/www.neilmed.com\\\/pan\\\/\",\"name\":\"NeilMed Pharmaceuticals - Panama\",\"description\":\"NeilMed Pharmaceuticals: world leader in nasal saline irrigation system | Sinus Rinse | Neti Pot | Nasal Irrigation\",\"potentialAction\":[{\"@type\":\"SearchAction\",\"target\":{\"@type\":\"EntryPoint\",\"urlTemplate\":\"https:\\\/\\\/www.neilmed.com\\\/pan\\\/?s={search_term_string}\"},\"query-input\":{\"@type\":\"PropertyValueSpecification\",\"valueRequired\":true,\"valueName\":\"search_term_string\"}}],\"inLanguage\":\"es-CL\"}]}<\/script>\n<!-- \/ Yoast SEO Premium plugin. -->","yoast_head_json":{"title":"NasaMist Todo en Uno 177-ml - NeilMed Pharmaceuticals - Panama","robots":{"index":"index","follow":"follow","max-snippet":"max-snippet:-1","max-image-preview":"max-image-preview:large","max-video-preview":"max-video-preview:-1"},"canonical":"https:\/\/www.neilmed.com\/pan\/product\/nasamist-todo-en-uno-177-ml\/","og_locale":"es_ES","og_type":"article","og_title":"NasaMist Todo en Uno 177-ml","og_description":"Nasamist todo en uno es un humectante y enjuague nasal salino Todo-en-uno. Calma, hidrata y limpia haciendo uso de tres boquillas dise\u00f1adas especialmente.","og_url":"https:\/\/www.neilmed.com\/pan\/product\/nasamist-todo-en-uno-177-ml\/","og_site_name":"NeilMed Pharmaceuticals - Panama","article_modified_time":"2025-07-17T22:48:43+00:00","og_image":[{"width":1000,"height":1000,"url":"https:\/\/www.neilmed.com\/pan\/wp-content\/uploads\/sites\/23\/2024\/12\/2706-SPA-INT-Rev4-R1.jpg","type":"image\/jpeg"}],"twitter_card":"summary_large_image","twitter_misc":{"Tiempo estimado de lectura":"4 minutos"},"schema":{"@context":"https:\/\/schema.org","@graph":[{"@type":"WebPage","@id":"https:\/\/www.neilmed.com\/pan\/product\/nasamist-todo-en-uno-177-ml\/","url":"https:\/\/www.neilmed.com\/pan\/product\/nasamist-todo-en-uno-177-ml\/","name":"NasaMist Todo en Uno 177-ml - NeilMed Pharmaceuticals - Panama","isPartOf":{"@id":"https:\/\/www.neilmed.com\/pan\/#website"},"primaryImageOfPage":{"@id":"https:\/\/www.neilmed.com\/pan\/product\/nasamist-todo-en-uno-177-ml\/#primaryimage"},"image":{"@id":"https:\/\/www.neilmed.com\/pan\/product\/nasamist-todo-en-uno-177-ml\/#primaryimage"},"thumbnailUrl":"https:\/\/www.neilmed.com\/pan\/wp-content\/uploads\/sites\/23\/2024\/12\/2706-SPA-INT-Rev4-R1.jpg","datePublished":"2018-06-01T00:13:34+00:00","dateModified":"2025-07-17T22:48:43+00:00","breadcrumb":{"@id":"https:\/\/www.neilmed.com\/pan\/product\/nasamist-todo-en-uno-177-ml\/#breadcrumb"},"inLanguage":"es-CL","potentialAction":[{"@type":"ReadAction","target":["https:\/\/www.neilmed.com\/pan\/product\/nasamist-todo-en-uno-177-ml\/"]}]},{"@type":"ImageObject","inLanguage":"es-CL","@id":"https:\/\/www.neilmed.com\/pan\/product\/nasamist-todo-en-uno-177-ml\/#primaryimage","url":"https:\/\/www.neilmed.com\/pan\/wp-content\/uploads\/sites\/23\/2024\/12\/2706-SPA-INT-Rev4-R1.jpg","contentUrl":"https:\/\/www.neilmed.com\/pan\/wp-content\/uploads\/sites\/23\/2024\/12\/2706-SPA-INT-Rev4-R1.jpg","width":1000,"height":1000,"caption":"NasaMist Todo en Uno 177-ml"},{"@type":"BreadcrumbList","@id":"https:\/\/www.neilmed.com\/pan\/product\/nasamist-todo-en-uno-177-ml\/#breadcrumb","itemListElement":[{"@type":"ListItem","position":1,"name":"Home","item":"https:\/\/www.neilmed.com\/pan\/"},{"@type":"ListItem","position":2,"name":"Tienda","item":"https:\/\/www.neilmed.com\/pan\/tienda\/"},{"@type":"ListItem","position":3,"name":"NasaMist Todo en Uno 177-ml"}]},{"@type":"WebSite","@id":"https:\/\/www.neilmed.com\/pan\/#website","url":"https:\/\/www.neilmed.com\/pan\/","name":"NeilMed Pharmaceuticals - Panama","description":"NeilMed Pharmaceuticals: world leader in nasal saline irrigation system | Sinus Rinse | Neti Pot | Nasal Irrigation","potentialAction":[{"@type":"SearchAction","target":{"@type":"EntryPoint","urlTemplate":"https:\/\/www.neilmed.com\/pan\/?s={search_term_string}"},"query-input":{"@type":"PropertyValueSpecification","valueRequired":true,"valueName":"search_term_string"}}],"inLanguage":"es-CL"}]}},"acf":[],"_links":{"self":[{"href":"https:\/\/www.neilmed.com\/pan\/wp-json\/wp\/v2\/product\/5697","targetHints":{"allow":["GET"]}}],"collection":[{"href":"https:\/\/www.neilmed.com\/pan\/wp-json\/wp\/v2\/product"}],"about":[{"href":"https:\/\/www.neilmed.com\/pan\/wp-json\/wp\/v2\/types\/product"}],"replies":[{"embeddable":true,"href":"https:\/\/www.neilmed.com\/pan\/wp-json\/wp\/v2\/comments?post=5697"}],"wp:featuredmedia":[{"embeddable":true,"href":"https:\/\/www.neilmed.com\/pan\/wp-json\/wp\/v2\/media\/6079"}],"wp:attachment":[{"href":"https:\/\/www.neilmed.com\/pan\/wp-json\/wp\/v2\/media?parent=5697"}],"wp:term":[{"taxonomy":"product_brand","embeddable":true,"href":"https:\/\/www.neilmed.com\/pan\/wp-json\/wp\/v2\/product_brand?post=5697"},{"taxonomy":"product_cat","embeddable":true,"href":"https:\/\/www.neilmed.com\/pan\/wp-json\/wp\/v2\/product_cat?post=5697"},{"taxonomy":"product_tag","embeddable":true,"href":"https:\/\/www.neilmed.com\/pan\/wp-json\/wp\/v2\/product_tag?post=5697"}],"curies":[{"name":"wp","href":"https:\/\/api.w.org\/{rel}","templated":true}]}}